{"id":1005,"date":"2021-05-26T18:45:43","date_gmt":"2021-05-26T16:45:43","guid":{"rendered":"https:\/\/mylovelyrods.com\/?post_type=product&#038;p=1005"},"modified":"2026-03-08T12:57:55","modified_gmt":"2026-03-08T11:57:55","slug":"queue-de-rat-par-3-bas-de-ligne-par-3","status":"publish","type":"product","link":"https:\/\/mylovelyrods.com\/index.php\/produit\/queue-de-rat-par-3-bas-de-ligne-par-3\/","title":{"rendered":"Queue de rat Bas de ligne"},"content":{"rendered":"<p>Je vous propose ces bas de ligne queue de rat, il y en a 3 par pochette. Ils existent soit en 9&prime; (2m70) soit en 12&prime; (3m60), pour des pointes allant de 0,12 \u00e0 0,20 mm de diam\u00e8tre.<\/p>\n<p>Je conseille toujours a mes clients de rajouter un brin de fil de diam\u00e8tre inf\u00e9rieur au diam\u00e8tre de la pointe de leur queue de rat afin de conserver le plus longtemps possible leur queue de rat. Ainsi lorsque vous cassez sur un poisson ou dans un arbre, c&rsquo;est le fil que vous avez rajout\u00e9 que vous casserez, et non la queue de rat, elle vous durera ainsi beaucoup plus longtemps! Ce fil ne doit pas avoir un diam\u00e8tre \u00e9loign\u00e9e de la pointe de la queue de rat. Par exemple si votre queue de rat fini en 0,20 mm et que vous rajouter une pointe de 0,10 mm, l&rsquo;\u00e9cart de diam\u00e8tre est trop grand. La vous risqueriez de casser tout le temps.<\/p>\n<p>Si votre queue de rat est rest\u00e9e longtemps dans le moulinet, elle risque de prendre une forme de ressort. Pour rem\u00e9dier \u00e0 \u00e7a, je vous propose un petit outil tr\u00e9s pratique qui est une redresseur de bas de ligne que vous trouverez <a href=\"https:\/\/mylovelyrods.com\/index.php\/produit\/redresseur-de-bas-de-ligne\/\">ICI<\/a>.<\/p>\n<p>Si vous souhaitez me suivre sur les r\u00e9seaux sociaux c&rsquo;est <a href=\"https:\/\/www.facebook.com\/pages\/category\/Sports\/Mylovelyrods-101775187859974\/\">ici<\/a> et <a href=\"https:\/\/www.instagram.com\/mylovelyrods\/?hl=fr\">l\u00e0<\/a>!<\/p>\n","protected":false},"excerpt":{"rendered":"<p>Je vous propose ces bas de ligne queue de rat, il y en a 3 par pochette. Ils existent soit en 9&prime; (2m70) soit en 12&prime; (3m60), pour des pointes allant de 0,12 \u00e0 0,20 mm de diam\u00e8tre.<\/p>\n<p>Je conseille toujours a mes clients de rajouter un brin de fil de diam\u00e8tre inf\u00e9rieur au diam\u00e8tre de la pointe de leur queue de rat afin de conserver le plus longtemps possible leur queue de rat. Ainsi lorsque vous cassez sur un poisson ou dans un arbre, c&rsquo;est le fil que vous avez rajout\u00e9 qui prend, et non la queue de rat!<\/p>\n","protected":false},"featured_media":1006,"template":"","meta":{"jetpack_post_was_ever_published":false,"_glsr_average":0,"_glsr_ranking":0,"_glsr_reviews":0},"product_brand":[],"product_cat":[49,47],"product_tag":[],"class_list":{"0":"post-1005","1":"product","2":"type-product","3":"status-publish","4":"has-post-thumbnail","6":"product_cat-accessoires","7":"product_cat-accessoires-et-moulinets","9":"first","10":"instock","11":"shipping-taxable","12":"purchasable","13":"product-type-variable"},"yoast_head":"<!-- This site is optimized with the Yoast SEO plugin v27.4 - https:\/\/yoast.com\/product\/yoast-seo-wordpress\/ -->\n<title>Queue de rat Bas de ligne - Super prix vendus pas 3 - Mylovelyrods<\/title>\n<meta name=\"description\" content=\"Bas de ligne Queue de rat forme conique, vendus par trois, en 2m70 ou 3m60 sans boucle, finissant en diam\u00e8tre 0,12, 0,15, 0,17 ou 0,20 mm.\" \/>\n<meta name=\"robots\" content=\"index, follow, max-snippet:-1, max-image-preview:large, max-video-preview:-1\" \/>\n<link rel=\"canonical\" href=\"https:\/\/mylovelyrods.com\/index.php\/produit\/queue-de-rat-par-3-bas-de-ligne-par-3\/\" \/>\n<meta property=\"og:locale\" content=\"fr_FR\" \/>\n<meta property=\"og:type\" content=\"article\" \/>\n<meta property=\"og:title\" content=\"Queue de rat Bas de ligne - Super prix vendus pas 3 - Mylovelyrods\" \/>\n<meta property=\"og:description\" content=\"Bas de ligne Queue de rat forme conique, vendus par trois, en 2m70 ou 3m60 sans boucle, finissant en diam\u00e8tre 0,12, 0,15, 0,17 ou 0,20 mm.\" \/>\n<meta property=\"og:url\" content=\"https:\/\/mylovelyrods.com\/index.php\/produit\/queue-de-rat-par-3-bas-de-ligne-par-3\/\" \/>\n<meta property=\"og:site_name\" content=\"Mylovelyrods\" \/>\n<meta property=\"article:publisher\" content=\"https:\/\/m.facebook.com\/people\/Mylovelyrods\/100062956103344\/?locale=fr_FR\" \/>\n<meta property=\"article:modified_time\" content=\"2026-03-08T11:57:55+00:00\" \/>\n<meta property=\"og:image\" content=\"https:\/\/mylovelyrods.com\/wp-content\/uploads\/2021\/05\/20210520_093101.jpg\" \/>\n\t<meta property=\"og:image:width\" content=\"1715\" \/>\n\t<meta property=\"og:image:height\" content=\"1281\" \/>\n\t<meta property=\"og:image:type\" content=\"image\/jpeg\" \/>\n<meta name=\"twitter:card\" content=\"summary_large_image\" \/>\n<meta name=\"twitter:label1\" content=\"Dur\u00e9e de lecture estim\u00e9e\" \/>\n\t<meta name=\"twitter:data1\" content=\"1 minute\" \/>\n<script type=\"application\/ld+json\" class=\"yoast-schema-graph\">{\"@context\":\"https:\\\/\\\/schema.org\",\"@graph\":[{\"@type\":\"WebPage\",\"@id\":\"https:\\\/\\\/mylovelyrods.com\\\/index.php\\\/produit\\\/queue-de-rat-par-3-bas-de-ligne-par-3\\\/\",\"url\":\"https:\\\/\\\/mylovelyrods.com\\\/index.php\\\/produit\\\/queue-de-rat-par-3-bas-de-ligne-par-3\\\/\",\"name\":\"Queue de rat Bas de ligne - Super prix vendus pas 3 - Mylovelyrods\",\"isPartOf\":{\"@id\":\"https:\\\/\\\/mylovelyrods.com\\\/#website\"},\"primaryImageOfPage\":{\"@id\":\"https:\\\/\\\/mylovelyrods.com\\\/index.php\\\/produit\\\/queue-de-rat-par-3-bas-de-ligne-par-3\\\/#primaryimage\"},\"image\":{\"@id\":\"https:\\\/\\\/mylovelyrods.com\\\/index.php\\\/produit\\\/queue-de-rat-par-3-bas-de-ligne-par-3\\\/#primaryimage\"},\"thumbnailUrl\":\"https:\\\/\\\/i0.wp.com\\\/mylovelyrods.com\\\/wp-content\\\/uploads\\\/2021\\\/05\\\/20210520_093101.jpg?fit=1715%2C1281&ssl=1\",\"datePublished\":\"2021-05-26T16:45:43+00:00\",\"dateModified\":\"2026-03-08T11:57:55+00:00\",\"description\":\"Bas de ligne Queue de rat forme conique, vendus par trois, en 2m70 ou 3m60 sans boucle, finissant en diam\u00e8tre 0,12, 0,15, 0,17 ou 0,20 mm.\",\"breadcrumb\":{\"@id\":\"https:\\\/\\\/mylovelyrods.com\\\/index.php\\\/produit\\\/queue-de-rat-par-3-bas-de-ligne-par-3\\\/#breadcrumb\"},\"inLanguage\":\"fr-FR\",\"potentialAction\":[{\"@type\":\"ReadAction\",\"target\":[\"https:\\\/\\\/mylovelyrods.com\\\/index.php\\\/produit\\\/queue-de-rat-par-3-bas-de-ligne-par-3\\\/\"]}]},{\"@type\":\"ImageObject\",\"inLanguage\":\"fr-FR\",\"@id\":\"https:\\\/\\\/mylovelyrods.com\\\/index.php\\\/produit\\\/queue-de-rat-par-3-bas-de-ligne-par-3\\\/#primaryimage\",\"url\":\"https:\\\/\\\/i0.wp.com\\\/mylovelyrods.com\\\/wp-content\\\/uploads\\\/2021\\\/05\\\/20210520_093101.jpg?fit=1715%2C1281&ssl=1\",\"contentUrl\":\"https:\\\/\\\/i0.wp.com\\\/mylovelyrods.com\\\/wp-content\\\/uploads\\\/2021\\\/05\\\/20210520_093101.jpg?fit=1715%2C1281&ssl=1\",\"width\":1715,\"height\":1281},{\"@type\":\"BreadcrumbList\",\"@id\":\"https:\\\/\\\/mylovelyrods.com\\\/index.php\\\/produit\\\/queue-de-rat-par-3-bas-de-ligne-par-3\\\/#breadcrumb\",\"itemListElement\":[{\"@type\":\"ListItem\",\"position\":1,\"name\":\"Accueil\",\"item\":\"https:\\\/\\\/mylovelyrods.com\\\/\"},{\"@type\":\"ListItem\",\"position\":2,\"name\":\"Produits\",\"item\":\"https:\\\/\\\/mylovelyrods.com\\\/index.php\\\/boutique\\\/\"},{\"@type\":\"ListItem\",\"position\":3,\"name\":\"Queue de rat Bas de ligne\"}]},{\"@type\":\"WebSite\",\"@id\":\"https:\\\/\\\/mylovelyrods.com\\\/#website\",\"url\":\"https:\\\/\\\/mylovelyrods.com\\\/\",\"name\":\"Mylovelyrods\",\"description\":\"Facteur de canne, restaurations, customisations, rodbuilding, mouches, nymphes et petit mat\u00e9riel...\",\"publisher\":{\"@id\":\"https:\\\/\\\/mylovelyrods.com\\\/#organization\"},\"potentialAction\":[{\"@type\":\"SearchAction\",\"target\":{\"@type\":\"EntryPoint\",\"urlTemplate\":\"https:\\\/\\\/mylovelyrods.com\\\/?s={search_term_string}\"},\"query-input\":{\"@type\":\"PropertyValueSpecification\",\"valueRequired\":true,\"valueName\":\"search_term_string\"}}],\"inLanguage\":\"fr-FR\"},{\"@type\":\"Organization\",\"@id\":\"https:\\\/\\\/mylovelyrods.com\\\/#organization\",\"name\":\"Mylovelyrods\",\"url\":\"https:\\\/\\\/mylovelyrods.com\\\/\",\"logo\":{\"@type\":\"ImageObject\",\"inLanguage\":\"fr-FR\",\"@id\":\"https:\\\/\\\/mylovelyrods.com\\\/#\\\/schema\\\/logo\\\/image\\\/\",\"url\":\"https:\\\/\\\/mylovelyrods.com\\\/wp-content\\\/uploads\\\/2021\\\/01\\\/0001-scaled-e1611186770281.jpg\",\"contentUrl\":\"https:\\\/\\\/mylovelyrods.com\\\/wp-content\\\/uploads\\\/2021\\\/01\\\/0001-scaled-e1611186770281.jpg\",\"width\":2560,\"height\":716,\"caption\":\"Mylovelyrods\"},\"image\":{\"@id\":\"https:\\\/\\\/mylovelyrods.com\\\/#\\\/schema\\\/logo\\\/image\\\/\"},\"sameAs\":[\"https:\\\/\\\/m.facebook.com\\\/people\\\/Mylovelyrods\\\/100062956103344\\\/?locale=fr_FR\",\"https:\\\/\\\/www.instagram.com\\\/mylovelyrods\\\/?hl=fr\"]}]}<\/script>\n<!-- \/ Yoast SEO plugin. -->","yoast_head_json":{"title":"Queue de rat Bas de ligne - Super prix vendus pas 3 - Mylovelyrods","description":"Bas de ligne Queue de rat forme conique, vendus par trois, en 2m70 ou 3m60 sans boucle, finissant en diam\u00e8tre 0,12, 0,15, 0,17 ou 0,20 mm.","robots":{"index":"index","follow":"follow","max-snippet":"max-snippet:-1","max-image-preview":"max-image-preview:large","max-video-preview":"max-video-preview:-1"},"canonical":"https:\/\/mylovelyrods.com\/index.php\/produit\/queue-de-rat-par-3-bas-de-ligne-par-3\/","og_locale":"fr_FR","og_type":"article","og_title":"Queue de rat Bas de ligne - Super prix vendus pas 3 - Mylovelyrods","og_description":"Bas de ligne Queue de rat forme conique, vendus par trois, en 2m70 ou 3m60 sans boucle, finissant en diam\u00e8tre 0,12, 0,15, 0,17 ou 0,20 mm.","og_url":"https:\/\/mylovelyrods.com\/index.php\/produit\/queue-de-rat-par-3-bas-de-ligne-par-3\/","og_site_name":"Mylovelyrods","article_publisher":"https:\/\/m.facebook.com\/people\/Mylovelyrods\/100062956103344\/?locale=fr_FR","article_modified_time":"2026-03-08T11:57:55+00:00","og_image":[{"width":1715,"height":1281,"url":"https:\/\/mylovelyrods.com\/wp-content\/uploads\/2021\/05\/20210520_093101.jpg","type":"image\/jpeg"}],"twitter_card":"summary_large_image","twitter_misc":{"Dur\u00e9e de lecture estim\u00e9e":"1 minute"},"schema":{"@context":"https:\/\/schema.org","@graph":[{"@type":"WebPage","@id":"https:\/\/mylovelyrods.com\/index.php\/produit\/queue-de-rat-par-3-bas-de-ligne-par-3\/","url":"https:\/\/mylovelyrods.com\/index.php\/produit\/queue-de-rat-par-3-bas-de-ligne-par-3\/","name":"Queue de rat Bas de ligne - Super prix vendus pas 3 - Mylovelyrods","isPartOf":{"@id":"https:\/\/mylovelyrods.com\/#website"},"primaryImageOfPage":{"@id":"https:\/\/mylovelyrods.com\/index.php\/produit\/queue-de-rat-par-3-bas-de-ligne-par-3\/#primaryimage"},"image":{"@id":"https:\/\/mylovelyrods.com\/index.php\/produit\/queue-de-rat-par-3-bas-de-ligne-par-3\/#primaryimage"},"thumbnailUrl":"https:\/\/i0.wp.com\/mylovelyrods.com\/wp-content\/uploads\/2021\/05\/20210520_093101.jpg?fit=1715%2C1281&ssl=1","datePublished":"2021-05-26T16:45:43+00:00","dateModified":"2026-03-08T11:57:55+00:00","description":"Bas de ligne Queue de rat forme conique, vendus par trois, en 2m70 ou 3m60 sans boucle, finissant en diam\u00e8tre 0,12, 0,15, 0,17 ou 0,20 mm.","breadcrumb":{"@id":"https:\/\/mylovelyrods.com\/index.php\/produit\/queue-de-rat-par-3-bas-de-ligne-par-3\/#breadcrumb"},"inLanguage":"fr-FR","potentialAction":[{"@type":"ReadAction","target":["https:\/\/mylovelyrods.com\/index.php\/produit\/queue-de-rat-par-3-bas-de-ligne-par-3\/"]}]},{"@type":"ImageObject","inLanguage":"fr-FR","@id":"https:\/\/mylovelyrods.com\/index.php\/produit\/queue-de-rat-par-3-bas-de-ligne-par-3\/#primaryimage","url":"https:\/\/i0.wp.com\/mylovelyrods.com\/wp-content\/uploads\/2021\/05\/20210520_093101.jpg?fit=1715%2C1281&ssl=1","contentUrl":"https:\/\/i0.wp.com\/mylovelyrods.com\/wp-content\/uploads\/2021\/05\/20210520_093101.jpg?fit=1715%2C1281&ssl=1","width":1715,"height":1281},{"@type":"BreadcrumbList","@id":"https:\/\/mylovelyrods.com\/index.php\/produit\/queue-de-rat-par-3-bas-de-ligne-par-3\/#breadcrumb","itemListElement":[{"@type":"ListItem","position":1,"name":"Accueil","item":"https:\/\/mylovelyrods.com\/"},{"@type":"ListItem","position":2,"name":"Produits","item":"https:\/\/mylovelyrods.com\/index.php\/boutique\/"},{"@type":"ListItem","position":3,"name":"Queue de rat Bas de ligne"}]},{"@type":"WebSite","@id":"https:\/\/mylovelyrods.com\/#website","url":"https:\/\/mylovelyrods.com\/","name":"Mylovelyrods","description":"Facteur de canne, restaurations, customisations, rodbuilding, mouches, nymphes et petit mat\u00e9riel...","publisher":{"@id":"https:\/\/mylovelyrods.com\/#organization"},"potentialAction":[{"@type":"SearchAction","target":{"@type":"EntryPoint","urlTemplate":"https:\/\/mylovelyrods.com\/?s={search_term_string}"},"query-input":{"@type":"PropertyValueSpecification","valueRequired":true,"valueName":"search_term_string"}}],"inLanguage":"fr-FR"},{"@type":"Organization","@id":"https:\/\/mylovelyrods.com\/#organization","name":"Mylovelyrods","url":"https:\/\/mylovelyrods.com\/","logo":{"@type":"ImageObject","inLanguage":"fr-FR","@id":"https:\/\/mylovelyrods.com\/#\/schema\/logo\/image\/","url":"https:\/\/mylovelyrods.com\/wp-content\/uploads\/2021\/01\/0001-scaled-e1611186770281.jpg","contentUrl":"https:\/\/mylovelyrods.com\/wp-content\/uploads\/2021\/01\/0001-scaled-e1611186770281.jpg","width":2560,"height":716,"caption":"Mylovelyrods"},"image":{"@id":"https:\/\/mylovelyrods.com\/#\/schema\/logo\/image\/"},"sameAs":["https:\/\/m.facebook.com\/people\/Mylovelyrods\/100062956103344\/?locale=fr_FR","https:\/\/www.instagram.com\/mylovelyrods\/?hl=fr"]}]}},"jetpack_sharing_enabled":true,"_links":{"self":[{"href":"https:\/\/mylovelyrods.com\/index.php\/wp-json\/wp\/v2\/product\/1005","targetHints":{"allow":["GET"]}}],"collection":[{"href":"https:\/\/mylovelyrods.com\/index.php\/wp-json\/wp\/v2\/product"}],"about":[{"href":"https:\/\/mylovelyrods.com\/index.php\/wp-json\/wp\/v2\/types\/product"}],"wp:featuredmedia":[{"embeddable":true,"href":"https:\/\/mylovelyrods.com\/index.php\/wp-json\/wp\/v2\/media\/1006"}],"wp:attachment":[{"href":"https:\/\/mylovelyrods.com\/index.php\/wp-json\/wp\/v2\/media?parent=1005"}],"wp:term":[{"taxonomy":"product_brand","embeddable":true,"href":"https:\/\/mylovelyrods.com\/index.php\/wp-json\/wp\/v2\/product_brand?post=1005"},{"taxonomy":"product_cat","embeddable":true,"href":"https:\/\/mylovelyrods.com\/index.php\/wp-json\/wp\/v2\/product_cat?post=1005"},{"taxonomy":"product_tag","embeddable":true,"href":"https:\/\/mylovelyrods.com\/index.php\/wp-json\/wp\/v2\/product_tag?post=1005"}],"curies":[{"name":"wp","href":"https:\/\/api.w.org\/{rel}","templated":true}]}}