{"id":147,"date":"2021-01-20T23:14:01","date_gmt":"2021-01-20T22:14:01","guid":{"rendered":"https:\/\/mylovelyrods.com\/?post_type=product&#038;p=147"},"modified":"2024-02-19T00:44:34","modified_gmt":"2024-02-18T23:44:34","slug":"canne-mouche-eaux-vives-9-3-4","status":"publish","type":"product","link":"https:\/\/mylovelyrods.com\/index.php\/produit\/canne-mouche-eaux-vives-9-3-4\/","title":{"rendered":"Canne mouche 9&prime; #3 &#8211; 4 \u00ab\u00a0Eaux vives\u00a0\u00bb"},"content":{"rendered":"<p>Je vous pr\u00e9sente \u00ab\u00a0Eaux vives\u00a0\u00bb, une Canne mouche 9&prime; #3, en 4 brins. Elle est \u00e9quip\u00e9e d&rsquo;une poign\u00e9e cigare en li\u00e8ge de qualit\u00e9 FLOR, de plus elle est orn\u00e9e d&rsquo;une vague incrust\u00e9e de couleur bleue. Tout d&rsquo;abord le blank est un IM6 en carbone roul\u00e9 directement import\u00e9 de Cor\u00e9e. Par ailleurs, elle est d&rsquo;action semi parabolique. Elle est dot\u00e9e d&rsquo;un porte moulinet argent\u00e9 avec des reflets dor\u00e9s habill\u00e9 d&rsquo;un insert en bois stabilis\u00e9 noyer. Quant aux anneaux qui \u00e9quipent cette canne, ce sont des anneaux classiques PacBay. Les ligatures sont de couleur bleues ainsi que les ligatures des renforts. Notons que la canne p\u00e8se dans les 77g. Canne mouche 9&prime; #3 est fournie avec sa housse tissu de couleur rouge compartiment\u00e9e.<\/p>\n<p>Sur le plan des mesures techniques, le protocole \u00ab\u00a0common cents\u00a0\u00bb (dont vous aurez les d\u00e9tails ici: <a href=\"https:\/\/www.truites-et-cie.fr\/article\/materiel\/mouche\/protocole-de-test-des-cannes-mouche\">https:\/\/www.truites-et-cie.fr\/article\/materiel\/mouche\/protocole-de-test-des-cannes-mouche<\/a>) a permis de faire les mesures techniques suivantes:<\/p>\n<p>Premi\u00e8rement le poids de la canne: 77g<\/p>\n<p>ERN: 3,42<\/p>\n<p>AA: 65\u00b0 qui classe l&rsquo;action de la canne en Moderate Fast<\/p>\n<p>PME (Poids du moulinet \u00e0 l&rsquo;\u00e9quilibre): 144g<\/p>\n<p>PTE (Poids Total \u00e0 l&rsquo;\u00e9quilibre): 221g<\/p>\n<p>Si vous souhaitez un tube de protection pour cette canne, vous en trouverez un juste ici.<\/p>\n<p>Pour plus d&rsquo;information, n&rsquo;h\u00e9sitez pas \u00e0 me contacter <a href=\"https:\/\/mylovelyrods.com\/index.php\/demande-devis-contact-canne-a-peche-artisanale\/\">ici<\/a>!<\/p>\n<p>Pour me suivre sur les r\u00e9seaux sociaux, alors ce sera par <a href=\"https:\/\/www.facebook.com\/pages\/category\/Sports\/Mylovelyrods-101775187859974\/\">ici<\/a> et par <a href=\"https:\/\/www.instagram.com\/mylovelyrods\/?hl=fr\">l\u00e0<\/a>.<\/p>\n","protected":false},"excerpt":{"rendered":"<p>Je vous pr\u00e9sente \u00ab\u00a0Eaux vives\u00a0\u00bb, une 9&prime; pour #3, en 4 brins. Elle est \u00e9quip\u00e9e d&rsquo;une poign\u00e9e cigare en li\u00e8ge de qualit\u00e9 FLOR orn\u00e9e d&rsquo;une vague incrust\u00e9e de couleur bleue. Le blank est un IM6 en carbone roul\u00e9, elle est d&rsquo;action semi parabolique. Elle est dot\u00e9e d&rsquo;un porte moulinet argent\u00e9 avec des reflets dor\u00e9s habill\u00e9 d&rsquo;un insert en bois stabilis\u00e9. Les ligatures sont de couleur bleues. La canne p\u00e8se dans les 77g. Elle est fournie avec sa housse tissu rouge compartiment\u00e9e.<\/p>\n<p>Pour ce qui sont des mesures techniques, le protocole \u00ab\u00a0common cents\u00a0\u00bb (dont vous aurez les d\u00e9tails ici: <a href=\"https:\/\/www.truites-et-cie.fr\/article\/materiel\/mouche\/protocole-de-test-des-cannes-mouche\">https:\/\/www.truites-et-cie.fr\/article\/materiel\/mouche\/protocole-de-test-des-cannes-mouche<\/a>) a permis de mesurer:<\/p>\n<p>Poids de la canne: 77g<\/p>\n<p>ERN: 3,42<\/p>\n<p>AA: 65\u00b0 qui classe l&rsquo;action de la canne en Moderate Fast<\/p>\n<p>PME (Poids du moulinet \u00e0 l&rsquo;\u00e9quilibre): 144g<\/p>\n<p>PTE (Poids Total \u00e0 l&rsquo;\u00e9quilibre): 221g<\/p>\n<p>Pour plus d&rsquo;information, n&rsquo;h\u00e9sitez pas \u00e0 me contacter!<\/p>\n","protected":false},"featured_media":148,"template":"","meta":{"jetpack_post_was_ever_published":false,"_glsr_average":0,"_glsr_ranking":0,"_glsr_reviews":0},"product_brand":[],"product_cat":[28],"product_tag":[24],"class_list":{"0":"post-147","1":"product","2":"type-product","3":"status-publish","4":"has-post-thumbnail","6":"product_cat-cannes-disponibles","7":"product_tag-eaux-vives","8":"product_shipping_class-blank","10":"first","11":"instock","12":"featured","13":"sold-individually","14":"purchasable","15":"product-type-simple"},"yoast_head":"<!-- This site is optimized with the Yoast SEO plugin v27.4 - https:\/\/yoast.com\/product\/yoast-seo-wordpress\/ -->\n<title>Canne mouche 9&#039; #3 - 4 &quot;Eaux vives&quot; - Mylovelyrods<\/title>\n<meta name=\"description\" content=\"Je vous pr\u00e9sente &quot;Eaux vives&quot;, Canne mouche 9&#039; #3, en 4 brins. Poign\u00e9e en li\u00e8ge de qualit\u00e9 FLOR orn\u00e9e d&#039;une vague incrust\u00e9e. Poids de 77g.\" \/>\n<meta name=\"robots\" content=\"index, follow, max-snippet:-1, max-image-preview:large, max-video-preview:-1\" \/>\n<link rel=\"canonical\" href=\"https:\/\/mylovelyrods.com\/index.php\/produit\/canne-mouche-eaux-vives-9-3-4\/\" \/>\n<meta property=\"og:locale\" content=\"fr_FR\" \/>\n<meta property=\"og:type\" content=\"article\" \/>\n<meta property=\"og:title\" content=\"Canne mouche 9&#039; #3 - 4 &quot;Eaux vives&quot; - Mylovelyrods\" \/>\n<meta property=\"og:description\" content=\"Je vous pr\u00e9sente &quot;Eaux vives&quot;, Canne mouche 9&#039; #3, en 4 brins. Poign\u00e9e en li\u00e8ge de qualit\u00e9 FLOR orn\u00e9e d&#039;une vague incrust\u00e9e. Poids de 77g.\" \/>\n<meta property=\"og:url\" content=\"https:\/\/mylovelyrods.com\/index.php\/produit\/canne-mouche-eaux-vives-9-3-4\/\" \/>\n<meta property=\"og:site_name\" content=\"Mylovelyrods\" \/>\n<meta property=\"article:publisher\" content=\"https:\/\/m.facebook.com\/people\/Mylovelyrods\/100062956103344\/?locale=fr_FR\" \/>\n<meta property=\"article:modified_time\" content=\"2024-02-18T23:44:34+00:00\" \/>\n<meta property=\"og:image\" content=\"https:\/\/mylovelyrods.com\/wp-content\/uploads\/2021\/01\/130400983_419811259389697_5872927552858553024_n.jpg\" \/>\n\t<meta property=\"og:image:width\" content=\"960\" \/>\n\t<meta property=\"og:image:height\" content=\"960\" \/>\n\t<meta property=\"og:image:type\" content=\"image\/jpeg\" \/>\n<meta name=\"twitter:card\" content=\"summary_large_image\" \/>\n<meta name=\"twitter:label1\" content=\"Dur\u00e9e de lecture estim\u00e9e\" \/>\n\t<meta name=\"twitter:data1\" content=\"1 minute\" \/>\n<script type=\"application\/ld+json\" class=\"yoast-schema-graph\">{\"@context\":\"https:\\\/\\\/schema.org\",\"@graph\":[{\"@type\":\"WebPage\",\"@id\":\"https:\\\/\\\/mylovelyrods.com\\\/index.php\\\/produit\\\/canne-mouche-eaux-vives-9-3-4\\\/\",\"url\":\"https:\\\/\\\/mylovelyrods.com\\\/index.php\\\/produit\\\/canne-mouche-eaux-vives-9-3-4\\\/\",\"name\":\"Canne mouche 9' #3 - 4 \\\"Eaux vives\\\" - Mylovelyrods\",\"isPartOf\":{\"@id\":\"https:\\\/\\\/mylovelyrods.com\\\/#website\"},\"primaryImageOfPage\":{\"@id\":\"https:\\\/\\\/mylovelyrods.com\\\/index.php\\\/produit\\\/canne-mouche-eaux-vives-9-3-4\\\/#primaryimage\"},\"image\":{\"@id\":\"https:\\\/\\\/mylovelyrods.com\\\/index.php\\\/produit\\\/canne-mouche-eaux-vives-9-3-4\\\/#primaryimage\"},\"thumbnailUrl\":\"https:\\\/\\\/i0.wp.com\\\/mylovelyrods.com\\\/wp-content\\\/uploads\\\/2021\\\/01\\\/130400983_419811259389697_5872927552858553024_n.jpg?fit=960%2C960&ssl=1\",\"datePublished\":\"2021-01-20T22:14:01+00:00\",\"dateModified\":\"2024-02-18T23:44:34+00:00\",\"description\":\"Je vous pr\u00e9sente \\\"Eaux vives\\\", Canne mouche 9' #3, en 4 brins. Poign\u00e9e en li\u00e8ge de qualit\u00e9 FLOR orn\u00e9e d'une vague incrust\u00e9e. Poids de 77g.\",\"breadcrumb\":{\"@id\":\"https:\\\/\\\/mylovelyrods.com\\\/index.php\\\/produit\\\/canne-mouche-eaux-vives-9-3-4\\\/#breadcrumb\"},\"inLanguage\":\"fr-FR\",\"potentialAction\":[{\"@type\":\"ReadAction\",\"target\":[\"https:\\\/\\\/mylovelyrods.com\\\/index.php\\\/produit\\\/canne-mouche-eaux-vives-9-3-4\\\/\"]}]},{\"@type\":\"ImageObject\",\"inLanguage\":\"fr-FR\",\"@id\":\"https:\\\/\\\/mylovelyrods.com\\\/index.php\\\/produit\\\/canne-mouche-eaux-vives-9-3-4\\\/#primaryimage\",\"url\":\"https:\\\/\\\/i0.wp.com\\\/mylovelyrods.com\\\/wp-content\\\/uploads\\\/2021\\\/01\\\/130400983_419811259389697_5872927552858553024_n.jpg?fit=960%2C960&ssl=1\",\"contentUrl\":\"https:\\\/\\\/i0.wp.com\\\/mylovelyrods.com\\\/wp-content\\\/uploads\\\/2021\\\/01\\\/130400983_419811259389697_5872927552858553024_n.jpg?fit=960%2C960&ssl=1\",\"width\":960,\"height\":960},{\"@type\":\"BreadcrumbList\",\"@id\":\"https:\\\/\\\/mylovelyrods.com\\\/index.php\\\/produit\\\/canne-mouche-eaux-vives-9-3-4\\\/#breadcrumb\",\"itemListElement\":[{\"@type\":\"ListItem\",\"position\":1,\"name\":\"Accueil\",\"item\":\"https:\\\/\\\/mylovelyrods.com\\\/\"},{\"@type\":\"ListItem\",\"position\":2,\"name\":\"Produits\",\"item\":\"https:\\\/\\\/mylovelyrods.com\\\/index.php\\\/boutique\\\/\"},{\"@type\":\"ListItem\",\"position\":3,\"name\":\"Canne mouche 9&#8242; #3 &#8211; 4 &#8220;Eaux vives&#8221;\"}]},{\"@type\":\"WebSite\",\"@id\":\"https:\\\/\\\/mylovelyrods.com\\\/#website\",\"url\":\"https:\\\/\\\/mylovelyrods.com\\\/\",\"name\":\"Mylovelyrods\",\"description\":\"Facteur de canne, restaurations, customisations, rodbuilding, mouches, nymphes et petit mat\u00e9riel...\",\"publisher\":{\"@id\":\"https:\\\/\\\/mylovelyrods.com\\\/#organization\"},\"potentialAction\":[{\"@type\":\"SearchAction\",\"target\":{\"@type\":\"EntryPoint\",\"urlTemplate\":\"https:\\\/\\\/mylovelyrods.com\\\/?s={search_term_string}\"},\"query-input\":{\"@type\":\"PropertyValueSpecification\",\"valueRequired\":true,\"valueName\":\"search_term_string\"}}],\"inLanguage\":\"fr-FR\"},{\"@type\":\"Organization\",\"@id\":\"https:\\\/\\\/mylovelyrods.com\\\/#organization\",\"name\":\"Mylovelyrods\",\"url\":\"https:\\\/\\\/mylovelyrods.com\\\/\",\"logo\":{\"@type\":\"ImageObject\",\"inLanguage\":\"fr-FR\",\"@id\":\"https:\\\/\\\/mylovelyrods.com\\\/#\\\/schema\\\/logo\\\/image\\\/\",\"url\":\"https:\\\/\\\/mylovelyrods.com\\\/wp-content\\\/uploads\\\/2021\\\/01\\\/0001-scaled-e1611186770281.jpg\",\"contentUrl\":\"https:\\\/\\\/mylovelyrods.com\\\/wp-content\\\/uploads\\\/2021\\\/01\\\/0001-scaled-e1611186770281.jpg\",\"width\":2560,\"height\":716,\"caption\":\"Mylovelyrods\"},\"image\":{\"@id\":\"https:\\\/\\\/mylovelyrods.com\\\/#\\\/schema\\\/logo\\\/image\\\/\"},\"sameAs\":[\"https:\\\/\\\/m.facebook.com\\\/people\\\/Mylovelyrods\\\/100062956103344\\\/?locale=fr_FR\",\"https:\\\/\\\/www.instagram.com\\\/mylovelyrods\\\/?hl=fr\"]}]}<\/script>\n<!-- \/ Yoast SEO plugin. -->","yoast_head_json":{"title":"Canne mouche 9' #3 - 4 \"Eaux vives\" - Mylovelyrods","description":"Je vous pr\u00e9sente \"Eaux vives\", Canne mouche 9' #3, en 4 brins. Poign\u00e9e en li\u00e8ge de qualit\u00e9 FLOR orn\u00e9e d'une vague incrust\u00e9e. Poids de 77g.","robots":{"index":"index","follow":"follow","max-snippet":"max-snippet:-1","max-image-preview":"max-image-preview:large","max-video-preview":"max-video-preview:-1"},"canonical":"https:\/\/mylovelyrods.com\/index.php\/produit\/canne-mouche-eaux-vives-9-3-4\/","og_locale":"fr_FR","og_type":"article","og_title":"Canne mouche 9' #3 - 4 \"Eaux vives\" - Mylovelyrods","og_description":"Je vous pr\u00e9sente \"Eaux vives\", Canne mouche 9' #3, en 4 brins. Poign\u00e9e en li\u00e8ge de qualit\u00e9 FLOR orn\u00e9e d'une vague incrust\u00e9e. Poids de 77g.","og_url":"https:\/\/mylovelyrods.com\/index.php\/produit\/canne-mouche-eaux-vives-9-3-4\/","og_site_name":"Mylovelyrods","article_publisher":"https:\/\/m.facebook.com\/people\/Mylovelyrods\/100062956103344\/?locale=fr_FR","article_modified_time":"2024-02-18T23:44:34+00:00","og_image":[{"width":960,"height":960,"url":"https:\/\/mylovelyrods.com\/wp-content\/uploads\/2021\/01\/130400983_419811259389697_5872927552858553024_n.jpg","type":"image\/jpeg"}],"twitter_card":"summary_large_image","twitter_misc":{"Dur\u00e9e de lecture estim\u00e9e":"1 minute"},"schema":{"@context":"https:\/\/schema.org","@graph":[{"@type":"WebPage","@id":"https:\/\/mylovelyrods.com\/index.php\/produit\/canne-mouche-eaux-vives-9-3-4\/","url":"https:\/\/mylovelyrods.com\/index.php\/produit\/canne-mouche-eaux-vives-9-3-4\/","name":"Canne mouche 9' #3 - 4 \"Eaux vives\" - Mylovelyrods","isPartOf":{"@id":"https:\/\/mylovelyrods.com\/#website"},"primaryImageOfPage":{"@id":"https:\/\/mylovelyrods.com\/index.php\/produit\/canne-mouche-eaux-vives-9-3-4\/#primaryimage"},"image":{"@id":"https:\/\/mylovelyrods.com\/index.php\/produit\/canne-mouche-eaux-vives-9-3-4\/#primaryimage"},"thumbnailUrl":"https:\/\/i0.wp.com\/mylovelyrods.com\/wp-content\/uploads\/2021\/01\/130400983_419811259389697_5872927552858553024_n.jpg?fit=960%2C960&ssl=1","datePublished":"2021-01-20T22:14:01+00:00","dateModified":"2024-02-18T23:44:34+00:00","description":"Je vous pr\u00e9sente \"Eaux vives\", Canne mouche 9' #3, en 4 brins. Poign\u00e9e en li\u00e8ge de qualit\u00e9 FLOR orn\u00e9e d'une vague incrust\u00e9e. Poids de 77g.","breadcrumb":{"@id":"https:\/\/mylovelyrods.com\/index.php\/produit\/canne-mouche-eaux-vives-9-3-4\/#breadcrumb"},"inLanguage":"fr-FR","potentialAction":[{"@type":"ReadAction","target":["https:\/\/mylovelyrods.com\/index.php\/produit\/canne-mouche-eaux-vives-9-3-4\/"]}]},{"@type":"ImageObject","inLanguage":"fr-FR","@id":"https:\/\/mylovelyrods.com\/index.php\/produit\/canne-mouche-eaux-vives-9-3-4\/#primaryimage","url":"https:\/\/i0.wp.com\/mylovelyrods.com\/wp-content\/uploads\/2021\/01\/130400983_419811259389697_5872927552858553024_n.jpg?fit=960%2C960&ssl=1","contentUrl":"https:\/\/i0.wp.com\/mylovelyrods.com\/wp-content\/uploads\/2021\/01\/130400983_419811259389697_5872927552858553024_n.jpg?fit=960%2C960&ssl=1","width":960,"height":960},{"@type":"BreadcrumbList","@id":"https:\/\/mylovelyrods.com\/index.php\/produit\/canne-mouche-eaux-vives-9-3-4\/#breadcrumb","itemListElement":[{"@type":"ListItem","position":1,"name":"Accueil","item":"https:\/\/mylovelyrods.com\/"},{"@type":"ListItem","position":2,"name":"Produits","item":"https:\/\/mylovelyrods.com\/index.php\/boutique\/"},{"@type":"ListItem","position":3,"name":"Canne mouche 9&#8242; #3 &#8211; 4 &#8220;Eaux vives&#8221;"}]},{"@type":"WebSite","@id":"https:\/\/mylovelyrods.com\/#website","url":"https:\/\/mylovelyrods.com\/","name":"Mylovelyrods","description":"Facteur de canne, restaurations, customisations, rodbuilding, mouches, nymphes et petit mat\u00e9riel...","publisher":{"@id":"https:\/\/mylovelyrods.com\/#organization"},"potentialAction":[{"@type":"SearchAction","target":{"@type":"EntryPoint","urlTemplate":"https:\/\/mylovelyrods.com\/?s={search_term_string}"},"query-input":{"@type":"PropertyValueSpecification","valueRequired":true,"valueName":"search_term_string"}}],"inLanguage":"fr-FR"},{"@type":"Organization","@id":"https:\/\/mylovelyrods.com\/#organization","name":"Mylovelyrods","url":"https:\/\/mylovelyrods.com\/","logo":{"@type":"ImageObject","inLanguage":"fr-FR","@id":"https:\/\/mylovelyrods.com\/#\/schema\/logo\/image\/","url":"https:\/\/mylovelyrods.com\/wp-content\/uploads\/2021\/01\/0001-scaled-e1611186770281.jpg","contentUrl":"https:\/\/mylovelyrods.com\/wp-content\/uploads\/2021\/01\/0001-scaled-e1611186770281.jpg","width":2560,"height":716,"caption":"Mylovelyrods"},"image":{"@id":"https:\/\/mylovelyrods.com\/#\/schema\/logo\/image\/"},"sameAs":["https:\/\/m.facebook.com\/people\/Mylovelyrods\/100062956103344\/?locale=fr_FR","https:\/\/www.instagram.com\/mylovelyrods\/?hl=fr"]}]}},"jetpack_sharing_enabled":true,"_links":{"self":[{"href":"https:\/\/mylovelyrods.com\/index.php\/wp-json\/wp\/v2\/product\/147","targetHints":{"allow":["GET"]}}],"collection":[{"href":"https:\/\/mylovelyrods.com\/index.php\/wp-json\/wp\/v2\/product"}],"about":[{"href":"https:\/\/mylovelyrods.com\/index.php\/wp-json\/wp\/v2\/types\/product"}],"wp:featuredmedia":[{"embeddable":true,"href":"https:\/\/mylovelyrods.com\/index.php\/wp-json\/wp\/v2\/media\/148"}],"wp:attachment":[{"href":"https:\/\/mylovelyrods.com\/index.php\/wp-json\/wp\/v2\/media?parent=147"}],"wp:term":[{"taxonomy":"product_brand","embeddable":true,"href":"https:\/\/mylovelyrods.com\/index.php\/wp-json\/wp\/v2\/product_brand?post=147"},{"taxonomy":"product_cat","embeddable":true,"href":"https:\/\/mylovelyrods.com\/index.php\/wp-json\/wp\/v2\/product_cat?post=147"},{"taxonomy":"product_tag","embeddable":true,"href":"https:\/\/mylovelyrods.com\/index.php\/wp-json\/wp\/v2\/product_tag?post=147"}],"curies":[{"name":"wp","href":"https:\/\/api.w.org\/{rel}","templated":true}]}}