{"id":1856,"date":"2022-05-15T17:28:47","date_gmt":"2022-05-15T15:28:47","guid":{"rendered":"https:\/\/mylovelyrods.com\/?post_type=product&#038;p=1856"},"modified":"2026-04-02T22:31:42","modified_gmt":"2026-04-02T20:31:42","slug":"bagues-de-finitions-winding-check","status":"publish","type":"product","link":"https:\/\/mylovelyrods.com\/index.php\/produit\/bagues-de-finitions-winding-check\/","title":{"rendered":"Bagues de finitions"},"content":{"rendered":"<p>Bagues de finitions, se place au dessus de la poign\u00e9e, avant l&rsquo;accroche mouche comme vous pourrez le voir sur la photo. 3 coloris sont disponibles, Noir, chrome, ou gunsmoke.<\/p>\n<p>Bagues de finitions sont disponibles dans diff\u00e9rents diam\u00e8tres, correspondant \u00e0 votre blank. Elles ont toutes une \u00e9paisseur de 2 mm.<\/p>\n<p>Pour de plus amples informations n&rsquo;h\u00e9sitez pas \u00e0 me contacter ici:<\/p>\n<p><a href=\"https:\/\/mylovelyrods.com\/index.php\/demande-devis-contact-canne-a-peche-artisanale\/\">https:\/\/mylovelyrods.com\/index.php\/demande-devis-contact-canne-a-peche-artisanale\/<\/a><\/p>\n<p>Pour me suivre sur les r\u00e9seaux sociaux c&rsquo;est <a href=\"https:\/\/fr-fr.facebook.com\/pages\/category\/Sports\/Mylovelyrods-101775187859974\/\">ici<\/a> ou <a href=\"https:\/\/www.instagram.com\/mylovelyrods\/?hl=fr\">l\u00e0<\/a>!<\/p>\n","protected":false},"excerpt":{"rendered":"<p>Bagues de finitions, se place au dessus de la poign\u00e9e, avant l&rsquo;accroche mouche comme vous pourrez le voir sur la photo. 3 coloris sont disponibles, Noir, chrome, ou gunsmoke.<\/p>\n<p>Bagues de finitions sont disponibles dans diff\u00e9rentes diam\u00e8tres, correspondant \u00e0 votre blank. Elles ont toutes une \u00e9paisseur de 2 mm.<\/p>\n<p>Pour de plus amples informations n&rsquo;h\u00e9sitez pas \u00e0 me contacter ici:<\/p>\n<p><a href=\"https:\/\/mylovelyrods.com\/index.php\/demande-devis-contact-canne-a-peche-artisanale\/\">https:\/\/mylovelyrods.com\/index.php\/demande-devis-contact-canne-a-peche-artisanale\/<\/a><\/p>\n<p>Pour me suivre sur les r\u00e9seaux sociaux c&rsquo;est <a href=\"https:\/\/fr-fr.facebook.com\/pages\/category\/Sports\/Mylovelyrods-101775187859974\/\">ici<\/a> ou <a href=\"https:\/\/www.instagram.com\/mylovelyrods\/?hl=fr\">l\u00e0<\/a>!<\/p>\n","protected":false},"featured_media":1810,"template":"","meta":{"jetpack_post_was_ever_published":false,"_glsr_average":0,"_glsr_ranking":0,"_glsr_reviews":0},"product_brand":[],"product_cat":[60,43],"product_tag":[],"class_list":{"0":"post-1856","1":"product","2":"type-product","3":"status-publish","4":"has-post-thumbnail","6":"product_cat-bagues-de-finitions","7":"product_cat-rodbuilding-montage-de-canne","9":"first","10":"instock","11":"shipping-taxable","12":"purchasable","13":"product-type-variable","14":"has-default-attributes"},"yoast_head":"<!-- This site is optimized with the Yoast SEO plugin v27.4 - https:\/\/yoast.com\/product\/yoast-seo-wordpress\/ -->\n<title>Bagues de finitions - Mylovelyrods<\/title>\n<meta name=\"description\" content=\"Bagues de finitions, se place au dessus de la poign\u00e9e, avant l&#039;accroche mouche, 3 coloris disponibles, Noir, chrome, gunsmoke.\" \/>\n<meta name=\"robots\" content=\"index, follow, max-snippet:-1, max-image-preview:large, max-video-preview:-1\" \/>\n<link rel=\"canonical\" href=\"https:\/\/mylovelyrods.com\/index.php\/produit\/bagues-de-finitions-winding-check\/\" \/>\n<meta property=\"og:locale\" content=\"fr_FR\" \/>\n<meta property=\"og:type\" content=\"article\" \/>\n<meta property=\"og:title\" content=\"Bagues de finitions - Mylovelyrods\" \/>\n<meta property=\"og:description\" content=\"Bagues de finitions, se place au dessus de la poign\u00e9e, avant l&#039;accroche mouche, 3 coloris disponibles, Noir, chrome, gunsmoke.\" \/>\n<meta property=\"og:url\" content=\"https:\/\/mylovelyrods.com\/index.php\/produit\/bagues-de-finitions-winding-check\/\" \/>\n<meta property=\"og:site_name\" content=\"Mylovelyrods\" \/>\n<meta property=\"article:publisher\" content=\"https:\/\/m.facebook.com\/people\/Mylovelyrods\/100062956103344\/?locale=fr_FR\" \/>\n<meta property=\"article:modified_time\" content=\"2026-04-02T20:31:42+00:00\" \/>\n<meta property=\"og:image\" content=\"https:\/\/mylovelyrods.com\/wp-content\/uploads\/2022\/05\/20220515_150735.jpg\" \/>\n\t<meta property=\"og:image:width\" content=\"2466\" \/>\n\t<meta property=\"og:image:height\" content=\"1168\" \/>\n\t<meta property=\"og:image:type\" content=\"image\/jpeg\" \/>\n<meta name=\"twitter:card\" content=\"summary_large_image\" \/>\n<meta name=\"twitter:label1\" content=\"Dur\u00e9e de lecture estim\u00e9e\" \/>\n\t<meta name=\"twitter:data1\" content=\"1 minute\" \/>\n<script type=\"application\/ld+json\" class=\"yoast-schema-graph\">{\"@context\":\"https:\\\/\\\/schema.org\",\"@graph\":[{\"@type\":\"WebPage\",\"@id\":\"https:\\\/\\\/mylovelyrods.com\\\/index.php\\\/produit\\\/bagues-de-finitions-winding-check\\\/\",\"url\":\"https:\\\/\\\/mylovelyrods.com\\\/index.php\\\/produit\\\/bagues-de-finitions-winding-check\\\/\",\"name\":\"Bagues de finitions - Mylovelyrods\",\"isPartOf\":{\"@id\":\"https:\\\/\\\/mylovelyrods.com\\\/#website\"},\"primaryImageOfPage\":{\"@id\":\"https:\\\/\\\/mylovelyrods.com\\\/index.php\\\/produit\\\/bagues-de-finitions-winding-check\\\/#primaryimage\"},\"image\":{\"@id\":\"https:\\\/\\\/mylovelyrods.com\\\/index.php\\\/produit\\\/bagues-de-finitions-winding-check\\\/#primaryimage\"},\"thumbnailUrl\":\"https:\\\/\\\/i0.wp.com\\\/mylovelyrods.com\\\/wp-content\\\/uploads\\\/2022\\\/05\\\/20220515_150735.jpg?fit=2466%2C1168&ssl=1\",\"datePublished\":\"2022-05-15T15:28:47+00:00\",\"dateModified\":\"2026-04-02T20:31:42+00:00\",\"description\":\"Bagues de finitions, se place au dessus de la poign\u00e9e, avant l'accroche mouche, 3 coloris disponibles, Noir, chrome, gunsmoke.\",\"breadcrumb\":{\"@id\":\"https:\\\/\\\/mylovelyrods.com\\\/index.php\\\/produit\\\/bagues-de-finitions-winding-check\\\/#breadcrumb\"},\"inLanguage\":\"fr-FR\",\"potentialAction\":[{\"@type\":\"ReadAction\",\"target\":[\"https:\\\/\\\/mylovelyrods.com\\\/index.php\\\/produit\\\/bagues-de-finitions-winding-check\\\/\"]}]},{\"@type\":\"ImageObject\",\"inLanguage\":\"fr-FR\",\"@id\":\"https:\\\/\\\/mylovelyrods.com\\\/index.php\\\/produit\\\/bagues-de-finitions-winding-check\\\/#primaryimage\",\"url\":\"https:\\\/\\\/i0.wp.com\\\/mylovelyrods.com\\\/wp-content\\\/uploads\\\/2022\\\/05\\\/20220515_150735.jpg?fit=2466%2C1168&ssl=1\",\"contentUrl\":\"https:\\\/\\\/i0.wp.com\\\/mylovelyrods.com\\\/wp-content\\\/uploads\\\/2022\\\/05\\\/20220515_150735.jpg?fit=2466%2C1168&ssl=1\",\"width\":2466,\"height\":1168,\"caption\":\"Bagues de finition \\\/ Winding check, se place au dessus de la poign\u00e9e, avant l'accroche mouche comme vous pourrez le voir sur la photo. 3 coloris sont disponibles, Noir, chrome, ou gunsmoke. Bagues de finition \\\/ Winding check\"},{\"@type\":\"BreadcrumbList\",\"@id\":\"https:\\\/\\\/mylovelyrods.com\\\/index.php\\\/produit\\\/bagues-de-finitions-winding-check\\\/#breadcrumb\",\"itemListElement\":[{\"@type\":\"ListItem\",\"position\":1,\"name\":\"Accueil\",\"item\":\"https:\\\/\\\/mylovelyrods.com\\\/\"},{\"@type\":\"ListItem\",\"position\":2,\"name\":\"Produits\",\"item\":\"https:\\\/\\\/mylovelyrods.com\\\/index.php\\\/boutique\\\/\"},{\"@type\":\"ListItem\",\"position\":3,\"name\":\"Bagues de finitions\"}]},{\"@type\":\"WebSite\",\"@id\":\"https:\\\/\\\/mylovelyrods.com\\\/#website\",\"url\":\"https:\\\/\\\/mylovelyrods.com\\\/\",\"name\":\"Mylovelyrods\",\"description\":\"Facteur de canne, restaurations, customisations, rodbuilding, mouches, nymphes et petit mat\u00e9riel...\",\"publisher\":{\"@id\":\"https:\\\/\\\/mylovelyrods.com\\\/#organization\"},\"potentialAction\":[{\"@type\":\"SearchAction\",\"target\":{\"@type\":\"EntryPoint\",\"urlTemplate\":\"https:\\\/\\\/mylovelyrods.com\\\/?s={search_term_string}\"},\"query-input\":{\"@type\":\"PropertyValueSpecification\",\"valueRequired\":true,\"valueName\":\"search_term_string\"}}],\"inLanguage\":\"fr-FR\"},{\"@type\":\"Organization\",\"@id\":\"https:\\\/\\\/mylovelyrods.com\\\/#organization\",\"name\":\"Mylovelyrods\",\"url\":\"https:\\\/\\\/mylovelyrods.com\\\/\",\"logo\":{\"@type\":\"ImageObject\",\"inLanguage\":\"fr-FR\",\"@id\":\"https:\\\/\\\/mylovelyrods.com\\\/#\\\/schema\\\/logo\\\/image\\\/\",\"url\":\"https:\\\/\\\/mylovelyrods.com\\\/wp-content\\\/uploads\\\/2021\\\/01\\\/0001-scaled-e1611186770281.jpg\",\"contentUrl\":\"https:\\\/\\\/mylovelyrods.com\\\/wp-content\\\/uploads\\\/2021\\\/01\\\/0001-scaled-e1611186770281.jpg\",\"width\":2560,\"height\":716,\"caption\":\"Mylovelyrods\"},\"image\":{\"@id\":\"https:\\\/\\\/mylovelyrods.com\\\/#\\\/schema\\\/logo\\\/image\\\/\"},\"sameAs\":[\"https:\\\/\\\/m.facebook.com\\\/people\\\/Mylovelyrods\\\/100062956103344\\\/?locale=fr_FR\",\"https:\\\/\\\/www.instagram.com\\\/mylovelyrods\\\/?hl=fr\"]}]}<\/script>\n<!-- \/ Yoast SEO plugin. -->","yoast_head_json":{"title":"Bagues de finitions - Mylovelyrods","description":"Bagues de finitions, se place au dessus de la poign\u00e9e, avant l'accroche mouche, 3 coloris disponibles, Noir, chrome, gunsmoke.","robots":{"index":"index","follow":"follow","max-snippet":"max-snippet:-1","max-image-preview":"max-image-preview:large","max-video-preview":"max-video-preview:-1"},"canonical":"https:\/\/mylovelyrods.com\/index.php\/produit\/bagues-de-finitions-winding-check\/","og_locale":"fr_FR","og_type":"article","og_title":"Bagues de finitions - Mylovelyrods","og_description":"Bagues de finitions, se place au dessus de la poign\u00e9e, avant l'accroche mouche, 3 coloris disponibles, Noir, chrome, gunsmoke.","og_url":"https:\/\/mylovelyrods.com\/index.php\/produit\/bagues-de-finitions-winding-check\/","og_site_name":"Mylovelyrods","article_publisher":"https:\/\/m.facebook.com\/people\/Mylovelyrods\/100062956103344\/?locale=fr_FR","article_modified_time":"2026-04-02T20:31:42+00:00","og_image":[{"width":2466,"height":1168,"url":"https:\/\/mylovelyrods.com\/wp-content\/uploads\/2022\/05\/20220515_150735.jpg","type":"image\/jpeg"}],"twitter_card":"summary_large_image","twitter_misc":{"Dur\u00e9e de lecture estim\u00e9e":"1 minute"},"schema":{"@context":"https:\/\/schema.org","@graph":[{"@type":"WebPage","@id":"https:\/\/mylovelyrods.com\/index.php\/produit\/bagues-de-finitions-winding-check\/","url":"https:\/\/mylovelyrods.com\/index.php\/produit\/bagues-de-finitions-winding-check\/","name":"Bagues de finitions - Mylovelyrods","isPartOf":{"@id":"https:\/\/mylovelyrods.com\/#website"},"primaryImageOfPage":{"@id":"https:\/\/mylovelyrods.com\/index.php\/produit\/bagues-de-finitions-winding-check\/#primaryimage"},"image":{"@id":"https:\/\/mylovelyrods.com\/index.php\/produit\/bagues-de-finitions-winding-check\/#primaryimage"},"thumbnailUrl":"https:\/\/i0.wp.com\/mylovelyrods.com\/wp-content\/uploads\/2022\/05\/20220515_150735.jpg?fit=2466%2C1168&ssl=1","datePublished":"2022-05-15T15:28:47+00:00","dateModified":"2026-04-02T20:31:42+00:00","description":"Bagues de finitions, se place au dessus de la poign\u00e9e, avant l'accroche mouche, 3 coloris disponibles, Noir, chrome, gunsmoke.","breadcrumb":{"@id":"https:\/\/mylovelyrods.com\/index.php\/produit\/bagues-de-finitions-winding-check\/#breadcrumb"},"inLanguage":"fr-FR","potentialAction":[{"@type":"ReadAction","target":["https:\/\/mylovelyrods.com\/index.php\/produit\/bagues-de-finitions-winding-check\/"]}]},{"@type":"ImageObject","inLanguage":"fr-FR","@id":"https:\/\/mylovelyrods.com\/index.php\/produit\/bagues-de-finitions-winding-check\/#primaryimage","url":"https:\/\/i0.wp.com\/mylovelyrods.com\/wp-content\/uploads\/2022\/05\/20220515_150735.jpg?fit=2466%2C1168&ssl=1","contentUrl":"https:\/\/i0.wp.com\/mylovelyrods.com\/wp-content\/uploads\/2022\/05\/20220515_150735.jpg?fit=2466%2C1168&ssl=1","width":2466,"height":1168,"caption":"Bagues de finition \/ Winding check, se place au dessus de la poign\u00e9e, avant l'accroche mouche comme vous pourrez le voir sur la photo. 3 coloris sont disponibles, Noir, chrome, ou gunsmoke. Bagues de finition \/ Winding check"},{"@type":"BreadcrumbList","@id":"https:\/\/mylovelyrods.com\/index.php\/produit\/bagues-de-finitions-winding-check\/#breadcrumb","itemListElement":[{"@type":"ListItem","position":1,"name":"Accueil","item":"https:\/\/mylovelyrods.com\/"},{"@type":"ListItem","position":2,"name":"Produits","item":"https:\/\/mylovelyrods.com\/index.php\/boutique\/"},{"@type":"ListItem","position":3,"name":"Bagues de finitions"}]},{"@type":"WebSite","@id":"https:\/\/mylovelyrods.com\/#website","url":"https:\/\/mylovelyrods.com\/","name":"Mylovelyrods","description":"Facteur de canne, restaurations, customisations, rodbuilding, mouches, nymphes et petit mat\u00e9riel...","publisher":{"@id":"https:\/\/mylovelyrods.com\/#organization"},"potentialAction":[{"@type":"SearchAction","target":{"@type":"EntryPoint","urlTemplate":"https:\/\/mylovelyrods.com\/?s={search_term_string}"},"query-input":{"@type":"PropertyValueSpecification","valueRequired":true,"valueName":"search_term_string"}}],"inLanguage":"fr-FR"},{"@type":"Organization","@id":"https:\/\/mylovelyrods.com\/#organization","name":"Mylovelyrods","url":"https:\/\/mylovelyrods.com\/","logo":{"@type":"ImageObject","inLanguage":"fr-FR","@id":"https:\/\/mylovelyrods.com\/#\/schema\/logo\/image\/","url":"https:\/\/mylovelyrods.com\/wp-content\/uploads\/2021\/01\/0001-scaled-e1611186770281.jpg","contentUrl":"https:\/\/mylovelyrods.com\/wp-content\/uploads\/2021\/01\/0001-scaled-e1611186770281.jpg","width":2560,"height":716,"caption":"Mylovelyrods"},"image":{"@id":"https:\/\/mylovelyrods.com\/#\/schema\/logo\/image\/"},"sameAs":["https:\/\/m.facebook.com\/people\/Mylovelyrods\/100062956103344\/?locale=fr_FR","https:\/\/www.instagram.com\/mylovelyrods\/?hl=fr"]}]}},"jetpack_sharing_enabled":true,"_links":{"self":[{"href":"https:\/\/mylovelyrods.com\/index.php\/wp-json\/wp\/v2\/product\/1856","targetHints":{"allow":["GET"]}}],"collection":[{"href":"https:\/\/mylovelyrods.com\/index.php\/wp-json\/wp\/v2\/product"}],"about":[{"href":"https:\/\/mylovelyrods.com\/index.php\/wp-json\/wp\/v2\/types\/product"}],"wp:featuredmedia":[{"embeddable":true,"href":"https:\/\/mylovelyrods.com\/index.php\/wp-json\/wp\/v2\/media\/1810"}],"wp:attachment":[{"href":"https:\/\/mylovelyrods.com\/index.php\/wp-json\/wp\/v2\/media?parent=1856"}],"wp:term":[{"taxonomy":"product_brand","embeddable":true,"href":"https:\/\/mylovelyrods.com\/index.php\/wp-json\/wp\/v2\/product_brand?post=1856"},{"taxonomy":"product_cat","embeddable":true,"href":"https:\/\/mylovelyrods.com\/index.php\/wp-json\/wp\/v2\/product_cat?post=1856"},{"taxonomy":"product_tag","embeddable":true,"href":"https:\/\/mylovelyrods.com\/index.php\/wp-json\/wp\/v2\/product_tag?post=1856"}],"curies":[{"name":"wp","href":"https:\/\/api.w.org\/{rel}","templated":true}]}}