{"id":1881,"date":"2022-05-15T19:32:05","date_gmt":"2022-05-15T17:32:05","guid":{"rendered":"https:\/\/mylovelyrods.com\/?post_type=product&#038;p=1881"},"modified":"2025-09-10T16:06:27","modified_gmt":"2025-09-10T14:06:27","slug":"liege-nat-burl","status":"publish","type":"product","link":"https:\/\/mylovelyrods.com\/index.php\/produit\/liege-nat-burl\/","title":{"rendered":"Li\u00e8ge Nat &#038; Burl"},"content":{"rendered":"<p>Li\u00e8ge Nat &amp; Burl, permet de faire des variations de couleurs sur les poign\u00e9es li\u00e8ges. Le li\u00e8ge Nat &amp; Burl est un peu plus difficile a tourner car plus dense que le li\u00e8ge classique. Cette densit\u00e9 lui apporte un poids sup\u00e9rieur \u00e0 une rondelle de li\u00e8ge classique. Le poids peut aller de 3 \u00e0 5 grammes. Ces rondelles sont vendues \u00e0 la pi\u00e8ce et sont d&rsquo;une excellente qualit\u00e9!<\/p>\n<p>Les rondelles ont un diam\u00e8tre de 32 mm, pour une \u00e9paisseur de 12 mm.<\/p>\n<p>La couleur peut l\u00e9g\u00e8rement diff\u00e9rer de la couleur sur la photo.<\/p>\n<p>Pour me suivre sur les r\u00e9seaux sociaux c&rsquo;est par <a href=\"https:\/\/www.facebook.com\/pages\/category\/Sports\/Mylovelyrods-101775187859974\/\">ici<\/a> et par <a href=\"https:\/\/www.instagram.com\/mylovelyrods\/?hl=fr\">l\u00e0<\/a>.<\/p>\n<p>Pour de plus amples informations n&rsquo;h\u00e9sitez pas \u00e0 me contacter <a href=\"https:\/\/mylovelyrods.com\/index.php\/demande-devis-contact-canne-a-peche-artisanale\/\">ici<\/a>.<\/p>\n","protected":false},"excerpt":{"rendered":"<p>Li\u00e8ge Nat &amp; Burl, permet de faire des variations de couleurs sur les poign\u00e9es li\u00e8ges. Le li\u00e8ge Nat &amp; Burl est un peu plus difficile a tourner car plus dense que le li\u00e8ge classique. Cette densit\u00e9 lui apporte un poids sup\u00e9rieur \u00e0 une rondelle de li\u00e8ge classique. Le poids peut aller de 3 \u00e0 5 grammes. Ces rondelles sont vendues \u00e0 la pi\u00e8ce et sont d&rsquo;une excellente qualit\u00e9!<\/p>\n<p>Les rondelles ont un diam\u00e8tre de 32 mm, pour une \u00e9paisseur de 12 mm.<\/p>\n<p>La couleur peut l\u00e9g\u00e8rement diff\u00e9rer de la couleur sur la photo.<\/p>\n<p>Pour me suivre sur les r\u00e9seaux sociaux c&rsquo;est par <a href=\"https:\/\/www.facebook.com\/pages\/category\/Sports\/Mylovelyrods-101775187859974\/\">ici<\/a> et par <a href=\"https:\/\/www.instagram.com\/mylovelyrods\/?hl=fr\">l\u00e0<\/a>.<\/p>\n<p>Pour de plus amples informations n&rsquo;h\u00e9sitez pas \u00e0 me contacter <a href=\"https:\/\/mylovelyrods.com\/index.php\/demande-devis-contact-canne-a-peche-artisanale\/\">ici<\/a>.<\/p>\n","protected":false},"featured_media":1882,"template":"","meta":{"jetpack_post_was_ever_published":false,"_glsr_average":0,"_glsr_ranking":0,"_glsr_reviews":0},"product_brand":[],"product_cat":[51],"product_tag":[],"class_list":{"0":"post-1881","1":"product","2":"type-product","3":"status-publish","4":"has-post-thumbnail","6":"product_cat-montage-de-poignee","8":"first","9":"outofstock","10":"shipping-taxable","11":"purchasable","12":"product-type-simple"},"yoast_head":"<!-- This site is optimized with the Yoast SEO plugin v27.4 - https:\/\/yoast.com\/product\/yoast-seo-wordpress\/ -->\n<title>Li\u00e8ge Nat &amp; Burl - Mylovelyrods<\/title>\n<meta name=\"description\" content=\"Li\u00e8ge Nat &amp; Burl, permet de faire des variations de couleurs sur les poign\u00e9es. Le li\u00e8ge Nat &amp; Burl est plus dense que le li\u00e8ge classique.\" \/>\n<meta name=\"robots\" content=\"index, follow, max-snippet:-1, max-image-preview:large, max-video-preview:-1\" \/>\n<link rel=\"canonical\" href=\"https:\/\/mylovelyrods.com\/index.php\/produit\/liege-nat-burl\/\" \/>\n<meta property=\"og:locale\" content=\"fr_FR\" \/>\n<meta property=\"og:type\" content=\"article\" \/>\n<meta property=\"og:title\" content=\"Li\u00e8ge Nat &amp; Burl - Mylovelyrods\" \/>\n<meta property=\"og:description\" content=\"Li\u00e8ge Nat &amp; Burl, permet de faire des variations de couleurs sur les poign\u00e9es. Le li\u00e8ge Nat &amp; Burl est plus dense que le li\u00e8ge classique.\" \/>\n<meta property=\"og:url\" content=\"https:\/\/mylovelyrods.com\/index.php\/produit\/liege-nat-burl\/\" \/>\n<meta property=\"og:site_name\" content=\"Mylovelyrods\" \/>\n<meta property=\"article:publisher\" content=\"https:\/\/m.facebook.com\/people\/Mylovelyrods\/100062956103344\/?locale=fr_FR\" \/>\n<meta property=\"article:modified_time\" content=\"2025-09-10T14:06:27+00:00\" \/>\n<meta property=\"og:image\" content=\"https:\/\/mylovelyrods.com\/wp-content\/uploads\/2022\/05\/20220515_152448.jpg\" \/>\n\t<meta property=\"og:image:width\" content=\"1906\" \/>\n\t<meta property=\"og:image:height\" content=\"1430\" \/>\n\t<meta property=\"og:image:type\" content=\"image\/jpeg\" \/>\n<meta name=\"twitter:card\" content=\"summary_large_image\" \/>\n<meta name=\"twitter:label1\" content=\"Dur\u00e9e de lecture estim\u00e9e\" \/>\n\t<meta name=\"twitter:data1\" content=\"1 minute\" \/>\n<script type=\"application\/ld+json\" class=\"yoast-schema-graph\">{\"@context\":\"https:\\\/\\\/schema.org\",\"@graph\":[{\"@type\":\"WebPage\",\"@id\":\"https:\\\/\\\/mylovelyrods.com\\\/index.php\\\/produit\\\/liege-nat-burl\\\/\",\"url\":\"https:\\\/\\\/mylovelyrods.com\\\/index.php\\\/produit\\\/liege-nat-burl\\\/\",\"name\":\"Li\u00e8ge Nat & Burl - Mylovelyrods\",\"isPartOf\":{\"@id\":\"https:\\\/\\\/mylovelyrods.com\\\/#website\"},\"primaryImageOfPage\":{\"@id\":\"https:\\\/\\\/mylovelyrods.com\\\/index.php\\\/produit\\\/liege-nat-burl\\\/#primaryimage\"},\"image\":{\"@id\":\"https:\\\/\\\/mylovelyrods.com\\\/index.php\\\/produit\\\/liege-nat-burl\\\/#primaryimage\"},\"thumbnailUrl\":\"https:\\\/\\\/i0.wp.com\\\/mylovelyrods.com\\\/wp-content\\\/uploads\\\/2022\\\/05\\\/20220515_152448.jpg?fit=1906%2C1430&ssl=1\",\"datePublished\":\"2022-05-15T17:32:05+00:00\",\"dateModified\":\"2025-09-10T14:06:27+00:00\",\"description\":\"Li\u00e8ge Nat & Burl, permet de faire des variations de couleurs sur les poign\u00e9es. Le li\u00e8ge Nat & Burl est plus dense que le li\u00e8ge classique.\",\"breadcrumb\":{\"@id\":\"https:\\\/\\\/mylovelyrods.com\\\/index.php\\\/produit\\\/liege-nat-burl\\\/#breadcrumb\"},\"inLanguage\":\"fr-FR\",\"potentialAction\":[{\"@type\":\"ReadAction\",\"target\":[\"https:\\\/\\\/mylovelyrods.com\\\/index.php\\\/produit\\\/liege-nat-burl\\\/\"]}]},{\"@type\":\"ImageObject\",\"inLanguage\":\"fr-FR\",\"@id\":\"https:\\\/\\\/mylovelyrods.com\\\/index.php\\\/produit\\\/liege-nat-burl\\\/#primaryimage\",\"url\":\"https:\\\/\\\/i0.wp.com\\\/mylovelyrods.com\\\/wp-content\\\/uploads\\\/2022\\\/05\\\/20220515_152448.jpg?fit=1906%2C1430&ssl=1\",\"contentUrl\":\"https:\\\/\\\/i0.wp.com\\\/mylovelyrods.com\\\/wp-content\\\/uploads\\\/2022\\\/05\\\/20220515_152448.jpg?fit=1906%2C1430&ssl=1\",\"width\":1906,\"height\":1430,\"caption\":\"Li\u00e8ge Nat & Burl, permet de faire des variations de couleurs sur les poign\u00e9es li\u00e8ges. Le li\u00e8ge Nat & Burl est un peu plus difficile a tourner car plus dense que le li\u00e8ge classique\"},{\"@type\":\"BreadcrumbList\",\"@id\":\"https:\\\/\\\/mylovelyrods.com\\\/index.php\\\/produit\\\/liege-nat-burl\\\/#breadcrumb\",\"itemListElement\":[{\"@type\":\"ListItem\",\"position\":1,\"name\":\"Accueil\",\"item\":\"https:\\\/\\\/mylovelyrods.com\\\/\"},{\"@type\":\"ListItem\",\"position\":2,\"name\":\"Produits\",\"item\":\"https:\\\/\\\/mylovelyrods.com\\\/index.php\\\/boutique\\\/\"},{\"@type\":\"ListItem\",\"position\":3,\"name\":\"Li\u00e8ge Nat &#038; Burl\"}]},{\"@type\":\"WebSite\",\"@id\":\"https:\\\/\\\/mylovelyrods.com\\\/#website\",\"url\":\"https:\\\/\\\/mylovelyrods.com\\\/\",\"name\":\"Mylovelyrods\",\"description\":\"Facteur de canne, restaurations, customisations, rodbuilding, mouches, nymphes et petit mat\u00e9riel...\",\"publisher\":{\"@id\":\"https:\\\/\\\/mylovelyrods.com\\\/#organization\"},\"potentialAction\":[{\"@type\":\"SearchAction\",\"target\":{\"@type\":\"EntryPoint\",\"urlTemplate\":\"https:\\\/\\\/mylovelyrods.com\\\/?s={search_term_string}\"},\"query-input\":{\"@type\":\"PropertyValueSpecification\",\"valueRequired\":true,\"valueName\":\"search_term_string\"}}],\"inLanguage\":\"fr-FR\"},{\"@type\":\"Organization\",\"@id\":\"https:\\\/\\\/mylovelyrods.com\\\/#organization\",\"name\":\"Mylovelyrods\",\"url\":\"https:\\\/\\\/mylovelyrods.com\\\/\",\"logo\":{\"@type\":\"ImageObject\",\"inLanguage\":\"fr-FR\",\"@id\":\"https:\\\/\\\/mylovelyrods.com\\\/#\\\/schema\\\/logo\\\/image\\\/\",\"url\":\"https:\\\/\\\/mylovelyrods.com\\\/wp-content\\\/uploads\\\/2021\\\/01\\\/0001-scaled-e1611186770281.jpg\",\"contentUrl\":\"https:\\\/\\\/mylovelyrods.com\\\/wp-content\\\/uploads\\\/2021\\\/01\\\/0001-scaled-e1611186770281.jpg\",\"width\":2560,\"height\":716,\"caption\":\"Mylovelyrods\"},\"image\":{\"@id\":\"https:\\\/\\\/mylovelyrods.com\\\/#\\\/schema\\\/logo\\\/image\\\/\"},\"sameAs\":[\"https:\\\/\\\/m.facebook.com\\\/people\\\/Mylovelyrods\\\/100062956103344\\\/?locale=fr_FR\",\"https:\\\/\\\/www.instagram.com\\\/mylovelyrods\\\/?hl=fr\"]}]}<\/script>\n<!-- \/ Yoast SEO plugin. -->","yoast_head_json":{"title":"Li\u00e8ge Nat & Burl - Mylovelyrods","description":"Li\u00e8ge Nat & Burl, permet de faire des variations de couleurs sur les poign\u00e9es. Le li\u00e8ge Nat & Burl est plus dense que le li\u00e8ge classique.","robots":{"index":"index","follow":"follow","max-snippet":"max-snippet:-1","max-image-preview":"max-image-preview:large","max-video-preview":"max-video-preview:-1"},"canonical":"https:\/\/mylovelyrods.com\/index.php\/produit\/liege-nat-burl\/","og_locale":"fr_FR","og_type":"article","og_title":"Li\u00e8ge Nat & Burl - Mylovelyrods","og_description":"Li\u00e8ge Nat & Burl, permet de faire des variations de couleurs sur les poign\u00e9es. Le li\u00e8ge Nat & Burl est plus dense que le li\u00e8ge classique.","og_url":"https:\/\/mylovelyrods.com\/index.php\/produit\/liege-nat-burl\/","og_site_name":"Mylovelyrods","article_publisher":"https:\/\/m.facebook.com\/people\/Mylovelyrods\/100062956103344\/?locale=fr_FR","article_modified_time":"2025-09-10T14:06:27+00:00","og_image":[{"width":1906,"height":1430,"url":"https:\/\/mylovelyrods.com\/wp-content\/uploads\/2022\/05\/20220515_152448.jpg","type":"image\/jpeg"}],"twitter_card":"summary_large_image","twitter_misc":{"Dur\u00e9e de lecture estim\u00e9e":"1 minute"},"schema":{"@context":"https:\/\/schema.org","@graph":[{"@type":"WebPage","@id":"https:\/\/mylovelyrods.com\/index.php\/produit\/liege-nat-burl\/","url":"https:\/\/mylovelyrods.com\/index.php\/produit\/liege-nat-burl\/","name":"Li\u00e8ge Nat & Burl - Mylovelyrods","isPartOf":{"@id":"https:\/\/mylovelyrods.com\/#website"},"primaryImageOfPage":{"@id":"https:\/\/mylovelyrods.com\/index.php\/produit\/liege-nat-burl\/#primaryimage"},"image":{"@id":"https:\/\/mylovelyrods.com\/index.php\/produit\/liege-nat-burl\/#primaryimage"},"thumbnailUrl":"https:\/\/i0.wp.com\/mylovelyrods.com\/wp-content\/uploads\/2022\/05\/20220515_152448.jpg?fit=1906%2C1430&ssl=1","datePublished":"2022-05-15T17:32:05+00:00","dateModified":"2025-09-10T14:06:27+00:00","description":"Li\u00e8ge Nat & Burl, permet de faire des variations de couleurs sur les poign\u00e9es. Le li\u00e8ge Nat & Burl est plus dense que le li\u00e8ge classique.","breadcrumb":{"@id":"https:\/\/mylovelyrods.com\/index.php\/produit\/liege-nat-burl\/#breadcrumb"},"inLanguage":"fr-FR","potentialAction":[{"@type":"ReadAction","target":["https:\/\/mylovelyrods.com\/index.php\/produit\/liege-nat-burl\/"]}]},{"@type":"ImageObject","inLanguage":"fr-FR","@id":"https:\/\/mylovelyrods.com\/index.php\/produit\/liege-nat-burl\/#primaryimage","url":"https:\/\/i0.wp.com\/mylovelyrods.com\/wp-content\/uploads\/2022\/05\/20220515_152448.jpg?fit=1906%2C1430&ssl=1","contentUrl":"https:\/\/i0.wp.com\/mylovelyrods.com\/wp-content\/uploads\/2022\/05\/20220515_152448.jpg?fit=1906%2C1430&ssl=1","width":1906,"height":1430,"caption":"Li\u00e8ge Nat & Burl, permet de faire des variations de couleurs sur les poign\u00e9es li\u00e8ges. Le li\u00e8ge Nat & Burl est un peu plus difficile a tourner car plus dense que le li\u00e8ge classique"},{"@type":"BreadcrumbList","@id":"https:\/\/mylovelyrods.com\/index.php\/produit\/liege-nat-burl\/#breadcrumb","itemListElement":[{"@type":"ListItem","position":1,"name":"Accueil","item":"https:\/\/mylovelyrods.com\/"},{"@type":"ListItem","position":2,"name":"Produits","item":"https:\/\/mylovelyrods.com\/index.php\/boutique\/"},{"@type":"ListItem","position":3,"name":"Li\u00e8ge Nat &#038; Burl"}]},{"@type":"WebSite","@id":"https:\/\/mylovelyrods.com\/#website","url":"https:\/\/mylovelyrods.com\/","name":"Mylovelyrods","description":"Facteur de canne, restaurations, customisations, rodbuilding, mouches, nymphes et petit mat\u00e9riel...","publisher":{"@id":"https:\/\/mylovelyrods.com\/#organization"},"potentialAction":[{"@type":"SearchAction","target":{"@type":"EntryPoint","urlTemplate":"https:\/\/mylovelyrods.com\/?s={search_term_string}"},"query-input":{"@type":"PropertyValueSpecification","valueRequired":true,"valueName":"search_term_string"}}],"inLanguage":"fr-FR"},{"@type":"Organization","@id":"https:\/\/mylovelyrods.com\/#organization","name":"Mylovelyrods","url":"https:\/\/mylovelyrods.com\/","logo":{"@type":"ImageObject","inLanguage":"fr-FR","@id":"https:\/\/mylovelyrods.com\/#\/schema\/logo\/image\/","url":"https:\/\/mylovelyrods.com\/wp-content\/uploads\/2021\/01\/0001-scaled-e1611186770281.jpg","contentUrl":"https:\/\/mylovelyrods.com\/wp-content\/uploads\/2021\/01\/0001-scaled-e1611186770281.jpg","width":2560,"height":716,"caption":"Mylovelyrods"},"image":{"@id":"https:\/\/mylovelyrods.com\/#\/schema\/logo\/image\/"},"sameAs":["https:\/\/m.facebook.com\/people\/Mylovelyrods\/100062956103344\/?locale=fr_FR","https:\/\/www.instagram.com\/mylovelyrods\/?hl=fr"]}]}},"jetpack_sharing_enabled":true,"_links":{"self":[{"href":"https:\/\/mylovelyrods.com\/index.php\/wp-json\/wp\/v2\/product\/1881","targetHints":{"allow":["GET"]}}],"collection":[{"href":"https:\/\/mylovelyrods.com\/index.php\/wp-json\/wp\/v2\/product"}],"about":[{"href":"https:\/\/mylovelyrods.com\/index.php\/wp-json\/wp\/v2\/types\/product"}],"wp:featuredmedia":[{"embeddable":true,"href":"https:\/\/mylovelyrods.com\/index.php\/wp-json\/wp\/v2\/media\/1882"}],"wp:attachment":[{"href":"https:\/\/mylovelyrods.com\/index.php\/wp-json\/wp\/v2\/media?parent=1881"}],"wp:term":[{"taxonomy":"product_brand","embeddable":true,"href":"https:\/\/mylovelyrods.com\/index.php\/wp-json\/wp\/v2\/product_brand?post=1881"},{"taxonomy":"product_cat","embeddable":true,"href":"https:\/\/mylovelyrods.com\/index.php\/wp-json\/wp\/v2\/product_cat?post=1881"},{"taxonomy":"product_tag","embeddable":true,"href":"https:\/\/mylovelyrods.com\/index.php\/wp-json\/wp\/v2\/product_tag?post=1881"}],"curies":[{"name":"wp","href":"https:\/\/api.w.org\/{rel}","templated":true}]}}