{"id":5870,"date":"2026-02-01T21:09:30","date_gmt":"2026-02-01T20:09:30","guid":{"rendered":"https:\/\/mylovelyrods.com\/?post_type=product&#038;p=5870"},"modified":"2026-02-17T08:25:27","modified_gmt":"2026-02-17T07:25:27","slug":"moulinet-mouche-br","status":"publish","type":"product","link":"https:\/\/mylovelyrods.com\/index.php\/produit\/moulinet-mouche-br\/","title":{"rendered":"Moulinet Mouche B&#038;R"},"content":{"rendered":"<div class=\"woocommerce-product-details__short-description\">\n<p>Moulinet mouche B&amp;R disponible en plusieurs tailles. En effet je vous propose ce moulinet en 3 tailles, de soie 3 \u00e0 5, \u00a0de soie de 5 \u00e0 7, enfin en taille de soie de 7 \u00e0 9.<\/p>\n<p>C\u2019est un moulinet qui a une bobine large arbor. Une bobine large, qui permet de p\u00eacher en nymphe au fil. Le frein est un syst\u00e8me de multi disques carbones, et est assez progressif et surtout le syst\u00e8me de freinage et totalement \u00e9tanche.<\/p>\n<p>J\u2019ai choisi ce moulinet pour son design et sa facilit\u00e9 d\u2019utilisation. Les poids selon les tailles sont:<\/p>\n<p>Pour les soies 3 \u00e0 5, le poids du moulinet correspondant est de 149g<\/p>\n<p>Pour les soies de 5 \u00e0 7, le poids du moulinet correspondant est de 167g<\/p>\n<p>Enfin pour les soies de 7 \u00e0 9, le poids du moulinet correspondant est de g<\/p>\n<p>Ce dernier sera tr\u00e8s bien pour p\u00eacher en r\u00e9servoir, ou p\u00eacher la carpe, le brochet, le mulet, le bar, et les petits silures. Le frein n\u2019est pas assez puissant pour les thons ainsi que pour les gros silures de 2 m\u00e8tres.<\/p>\n<p>Ce Moulinet mouche B&amp;R est fourni dans une housse N\u00e9opr\u00e8ne et une boite en carton.<\/p>\n<p>Si vous souhaitez plus d\u2019informations, alors n\u2019h\u00e9sitez pas \u00e0 m\u2019\u00e9crire <a href=\"https:\/\/mylovelyrods.com\/index.php\/demande-devis-contact-canne-a-peche-artisanale\/\">ici<\/a>.<\/p>\n<p>Pour me suivre sur les r\u00e9seaux sociaux c\u2019est par <a href=\"https:\/\/www.facebook.com\/pages\/category\/Sports\/Mylovelyrods-101775187859974\/\">ici<\/a> et par <a href=\"https:\/\/www.instagram.com\/mylovelyrods\/?hl=fr\">l\u00e0<\/a>.<\/p>\n<\/div>\n","protected":false},"excerpt":{"rendered":"<p>Moulinet mouche B&amp;R disponible en plusieurs tailles. En effet je vous propose ce moulinet en 3 tailles, de soie 3 \u00e0 5, \u00a0de soie de 5 \u00e0 7, enfin en taille de soie de 7 \u00e0 9.<\/p>\n<p>C\u2019est un moulinet qui a une bobine large arbor, c\u2019est \u00e0 dire tout simplement une bobine large, qui permet de p\u00eacher en nymphe au fil. Le frein est un syst\u00e8me de multi disques carbones, et est assez progressif et surtout le syst\u00e8me de freinage et totalement \u00e9tanche.<\/p>\n<p>J\u2019ai choisi ce moulinet pour son design et sa facilit\u00e9 d\u2019utilisation. Les poids selon les tailles sont:<\/p>\n<p>Pour les soies 3 \u00e0 5, le poids du moulinet correspondant est de 149g<\/p>\n<p>Pour les soies de 5 \u00e0 7, le poids du moulinet correspondant est de 167g<\/p>\n<p>Enfin pour les soies de 7 \u00e0 9, le poids du moulinet correspondant est de g<\/p>\n<p>Ce dernier sera tr\u00e8s bien pour p\u00eacher en r\u00e9servoir, ou p\u00eacher la carpe, le brochet, le mulet, le bar, et les petits silures. Le frein n\u2019est pas assez puissant pour les thons ainsi que pour les gros silures de 2 m\u00e8tres.<\/p>\n<p>Ce Moulinet mouche B&amp;R est fourni dans une housse N\u00e9opr\u00e8ne et une boite en carton.<\/p>\n<p>Si vous souhaitez plus d\u2019informations, alors n\u2019h\u00e9sitez pas \u00e0 m\u2019\u00e9crire <a href=\"https:\/\/mylovelyrods.com\/index.php\/demande-devis-contact-canne-a-peche-artisanale\/\">ici<\/a>.<\/p>\n<p>Pour me suivre sur les r\u00e9seaux sociaux c\u2019est par <a href=\"https:\/\/www.facebook.com\/pages\/category\/Sports\/Mylovelyrods-101775187859974\/\">ici<\/a> et par <a href=\"https:\/\/www.instagram.com\/mylovelyrods\/?hl=fr\">l\u00e0<\/a>.<\/p>\n","protected":false},"featured_media":5868,"template":"","meta":{"jetpack_post_was_ever_published":false,"_glsr_average":0,"_glsr_ranking":0,"_glsr_reviews":0},"product_brand":[],"product_cat":[48],"product_tag":[],"class_list":{"0":"post-5870","1":"product","2":"type-product","3":"status-publish","4":"has-post-thumbnail","6":"product_cat-moulinets-mouche","8":"first","9":"instock","10":"shipping-taxable","11":"purchasable","12":"product-type-variable"},"yoast_head":"<!-- This site is optimized with the Yoast SEO plugin v27.4 - https:\/\/yoast.com\/product\/yoast-seo-wordpress\/ -->\n<title>Moulinet Mouche B&amp;R - Mylovelyrods<\/title>\n<meta name=\"description\" content=\"Moulinet mouche B&amp;R disponible en plusieurs tailles. En effet je vous propose ce moulinet en 3 tailles, de soie 3 \u00e0 5, \u00a0de soie de 5 \u00e0 7, taille de 7 \u00e0 9.\" \/>\n<meta name=\"robots\" content=\"index, follow, max-snippet:-1, max-image-preview:large, max-video-preview:-1\" \/>\n<link rel=\"canonical\" href=\"https:\/\/mylovelyrods.com\/index.php\/produit\/moulinet-mouche-br\/\" \/>\n<meta property=\"og:locale\" content=\"fr_FR\" \/>\n<meta property=\"og:type\" content=\"article\" \/>\n<meta property=\"og:title\" content=\"Moulinet Mouche B&amp;R - Mylovelyrods\" \/>\n<meta property=\"og:description\" content=\"Moulinet mouche B&amp;R disponible en plusieurs tailles. En effet je vous propose ce moulinet en 3 tailles, de soie 3 \u00e0 5, \u00a0de soie de 5 \u00e0 7, taille de 7 \u00e0 9.\" \/>\n<meta property=\"og:url\" content=\"https:\/\/mylovelyrods.com\/index.php\/produit\/moulinet-mouche-br\/\" \/>\n<meta property=\"og:site_name\" content=\"Mylovelyrods\" \/>\n<meta property=\"article:publisher\" content=\"https:\/\/m.facebook.com\/people\/Mylovelyrods\/100062956103344\/?locale=fr_FR\" \/>\n<meta property=\"article:modified_time\" content=\"2026-02-17T07:25:27+00:00\" \/>\n<meta property=\"og:image\" content=\"https:\/\/mylovelyrods.com\/wp-content\/uploads\/2026\/02\/20260201_115059.jpg\" \/>\n\t<meta property=\"og:image:width\" content=\"1994\" \/>\n\t<meta property=\"og:image:height\" content=\"1496\" \/>\n\t<meta property=\"og:image:type\" content=\"image\/jpeg\" \/>\n<meta name=\"twitter:card\" content=\"summary_large_image\" \/>\n<meta name=\"twitter:label1\" content=\"Dur\u00e9e de lecture estim\u00e9e\" \/>\n\t<meta name=\"twitter:data1\" content=\"2 minutes\" \/>\n<script type=\"application\/ld+json\" class=\"yoast-schema-graph\">{\"@context\":\"https:\\\/\\\/schema.org\",\"@graph\":[{\"@type\":\"WebPage\",\"@id\":\"https:\\\/\\\/mylovelyrods.com\\\/index.php\\\/produit\\\/moulinet-mouche-br\\\/\",\"url\":\"https:\\\/\\\/mylovelyrods.com\\\/index.php\\\/produit\\\/moulinet-mouche-br\\\/\",\"name\":\"Moulinet Mouche B&R - Mylovelyrods\",\"isPartOf\":{\"@id\":\"https:\\\/\\\/mylovelyrods.com\\\/#website\"},\"primaryImageOfPage\":{\"@id\":\"https:\\\/\\\/mylovelyrods.com\\\/index.php\\\/produit\\\/moulinet-mouche-br\\\/#primaryimage\"},\"image\":{\"@id\":\"https:\\\/\\\/mylovelyrods.com\\\/index.php\\\/produit\\\/moulinet-mouche-br\\\/#primaryimage\"},\"thumbnailUrl\":\"https:\\\/\\\/i0.wp.com\\\/mylovelyrods.com\\\/wp-content\\\/uploads\\\/2026\\\/02\\\/20260201_115059.jpg?fit=1994%2C1496&ssl=1\",\"datePublished\":\"2026-02-01T20:09:30+00:00\",\"dateModified\":\"2026-02-17T07:25:27+00:00\",\"description\":\"Moulinet mouche B&R disponible en plusieurs tailles. En effet je vous propose ce moulinet en 3 tailles, de soie 3 \u00e0 5, \u00a0de soie de 5 \u00e0 7, taille de 7 \u00e0 9.\",\"breadcrumb\":{\"@id\":\"https:\\\/\\\/mylovelyrods.com\\\/index.php\\\/produit\\\/moulinet-mouche-br\\\/#breadcrumb\"},\"inLanguage\":\"fr-FR\",\"potentialAction\":[{\"@type\":\"ReadAction\",\"target\":[\"https:\\\/\\\/mylovelyrods.com\\\/index.php\\\/produit\\\/moulinet-mouche-br\\\/\"]}]},{\"@type\":\"ImageObject\",\"inLanguage\":\"fr-FR\",\"@id\":\"https:\\\/\\\/mylovelyrods.com\\\/index.php\\\/produit\\\/moulinet-mouche-br\\\/#primaryimage\",\"url\":\"https:\\\/\\\/i0.wp.com\\\/mylovelyrods.com\\\/wp-content\\\/uploads\\\/2026\\\/02\\\/20260201_115059.jpg?fit=1994%2C1496&ssl=1\",\"contentUrl\":\"https:\\\/\\\/i0.wp.com\\\/mylovelyrods.com\\\/wp-content\\\/uploads\\\/2026\\\/02\\\/20260201_115059.jpg?fit=1994%2C1496&ssl=1\",\"width\":1994,\"height\":1496,\"caption\":\"Moulinet mouche B&R disponible en plusieurs tailles. En effet je vous propose ce moulinet en 3 tailles, de soie 3 \u00e0 5, \u00a0de soie de 5 \u00e0 7, enfin en taille de soie de 7 \u00e0 9.\"},{\"@type\":\"BreadcrumbList\",\"@id\":\"https:\\\/\\\/mylovelyrods.com\\\/index.php\\\/produit\\\/moulinet-mouche-br\\\/#breadcrumb\",\"itemListElement\":[{\"@type\":\"ListItem\",\"position\":1,\"name\":\"Accueil\",\"item\":\"https:\\\/\\\/mylovelyrods.com\\\/\"},{\"@type\":\"ListItem\",\"position\":2,\"name\":\"Produits\",\"item\":\"https:\\\/\\\/mylovelyrods.com\\\/index.php\\\/boutique\\\/\"},{\"@type\":\"ListItem\",\"position\":3,\"name\":\"Moulinet Mouche B&#038;R\"}]},{\"@type\":\"WebSite\",\"@id\":\"https:\\\/\\\/mylovelyrods.com\\\/#website\",\"url\":\"https:\\\/\\\/mylovelyrods.com\\\/\",\"name\":\"Mylovelyrods\",\"description\":\"Facteur de canne, restaurations, customisations, rodbuilding, mouches, nymphes et petit mat\u00e9riel...\",\"publisher\":{\"@id\":\"https:\\\/\\\/mylovelyrods.com\\\/#organization\"},\"potentialAction\":[{\"@type\":\"SearchAction\",\"target\":{\"@type\":\"EntryPoint\",\"urlTemplate\":\"https:\\\/\\\/mylovelyrods.com\\\/?s={search_term_string}\"},\"query-input\":{\"@type\":\"PropertyValueSpecification\",\"valueRequired\":true,\"valueName\":\"search_term_string\"}}],\"inLanguage\":\"fr-FR\"},{\"@type\":\"Organization\",\"@id\":\"https:\\\/\\\/mylovelyrods.com\\\/#organization\",\"name\":\"Mylovelyrods\",\"url\":\"https:\\\/\\\/mylovelyrods.com\\\/\",\"logo\":{\"@type\":\"ImageObject\",\"inLanguage\":\"fr-FR\",\"@id\":\"https:\\\/\\\/mylovelyrods.com\\\/#\\\/schema\\\/logo\\\/image\\\/\",\"url\":\"https:\\\/\\\/mylovelyrods.com\\\/wp-content\\\/uploads\\\/2021\\\/01\\\/0001-scaled-e1611186770281.jpg\",\"contentUrl\":\"https:\\\/\\\/mylovelyrods.com\\\/wp-content\\\/uploads\\\/2021\\\/01\\\/0001-scaled-e1611186770281.jpg\",\"width\":2560,\"height\":716,\"caption\":\"Mylovelyrods\"},\"image\":{\"@id\":\"https:\\\/\\\/mylovelyrods.com\\\/#\\\/schema\\\/logo\\\/image\\\/\"},\"sameAs\":[\"https:\\\/\\\/m.facebook.com\\\/people\\\/Mylovelyrods\\\/100062956103344\\\/?locale=fr_FR\",\"https:\\\/\\\/www.instagram.com\\\/mylovelyrods\\\/?hl=fr\"]}]}<\/script>\n<!-- \/ Yoast SEO plugin. -->","yoast_head_json":{"title":"Moulinet Mouche B&R - Mylovelyrods","description":"Moulinet mouche B&R disponible en plusieurs tailles. En effet je vous propose ce moulinet en 3 tailles, de soie 3 \u00e0 5, \u00a0de soie de 5 \u00e0 7, taille de 7 \u00e0 9.","robots":{"index":"index","follow":"follow","max-snippet":"max-snippet:-1","max-image-preview":"max-image-preview:large","max-video-preview":"max-video-preview:-1"},"canonical":"https:\/\/mylovelyrods.com\/index.php\/produit\/moulinet-mouche-br\/","og_locale":"fr_FR","og_type":"article","og_title":"Moulinet Mouche B&R - Mylovelyrods","og_description":"Moulinet mouche B&R disponible en plusieurs tailles. En effet je vous propose ce moulinet en 3 tailles, de soie 3 \u00e0 5, \u00a0de soie de 5 \u00e0 7, taille de 7 \u00e0 9.","og_url":"https:\/\/mylovelyrods.com\/index.php\/produit\/moulinet-mouche-br\/","og_site_name":"Mylovelyrods","article_publisher":"https:\/\/m.facebook.com\/people\/Mylovelyrods\/100062956103344\/?locale=fr_FR","article_modified_time":"2026-02-17T07:25:27+00:00","og_image":[{"width":1994,"height":1496,"url":"https:\/\/mylovelyrods.com\/wp-content\/uploads\/2026\/02\/20260201_115059.jpg","type":"image\/jpeg"}],"twitter_card":"summary_large_image","twitter_misc":{"Dur\u00e9e de lecture estim\u00e9e":"2 minutes"},"schema":{"@context":"https:\/\/schema.org","@graph":[{"@type":"WebPage","@id":"https:\/\/mylovelyrods.com\/index.php\/produit\/moulinet-mouche-br\/","url":"https:\/\/mylovelyrods.com\/index.php\/produit\/moulinet-mouche-br\/","name":"Moulinet Mouche B&R - Mylovelyrods","isPartOf":{"@id":"https:\/\/mylovelyrods.com\/#website"},"primaryImageOfPage":{"@id":"https:\/\/mylovelyrods.com\/index.php\/produit\/moulinet-mouche-br\/#primaryimage"},"image":{"@id":"https:\/\/mylovelyrods.com\/index.php\/produit\/moulinet-mouche-br\/#primaryimage"},"thumbnailUrl":"https:\/\/i0.wp.com\/mylovelyrods.com\/wp-content\/uploads\/2026\/02\/20260201_115059.jpg?fit=1994%2C1496&ssl=1","datePublished":"2026-02-01T20:09:30+00:00","dateModified":"2026-02-17T07:25:27+00:00","description":"Moulinet mouche B&R disponible en plusieurs tailles. En effet je vous propose ce moulinet en 3 tailles, de soie 3 \u00e0 5, \u00a0de soie de 5 \u00e0 7, taille de 7 \u00e0 9.","breadcrumb":{"@id":"https:\/\/mylovelyrods.com\/index.php\/produit\/moulinet-mouche-br\/#breadcrumb"},"inLanguage":"fr-FR","potentialAction":[{"@type":"ReadAction","target":["https:\/\/mylovelyrods.com\/index.php\/produit\/moulinet-mouche-br\/"]}]},{"@type":"ImageObject","inLanguage":"fr-FR","@id":"https:\/\/mylovelyrods.com\/index.php\/produit\/moulinet-mouche-br\/#primaryimage","url":"https:\/\/i0.wp.com\/mylovelyrods.com\/wp-content\/uploads\/2026\/02\/20260201_115059.jpg?fit=1994%2C1496&ssl=1","contentUrl":"https:\/\/i0.wp.com\/mylovelyrods.com\/wp-content\/uploads\/2026\/02\/20260201_115059.jpg?fit=1994%2C1496&ssl=1","width":1994,"height":1496,"caption":"Moulinet mouche B&R disponible en plusieurs tailles. En effet je vous propose ce moulinet en 3 tailles, de soie 3 \u00e0 5, \u00a0de soie de 5 \u00e0 7, enfin en taille de soie de 7 \u00e0 9."},{"@type":"BreadcrumbList","@id":"https:\/\/mylovelyrods.com\/index.php\/produit\/moulinet-mouche-br\/#breadcrumb","itemListElement":[{"@type":"ListItem","position":1,"name":"Accueil","item":"https:\/\/mylovelyrods.com\/"},{"@type":"ListItem","position":2,"name":"Produits","item":"https:\/\/mylovelyrods.com\/index.php\/boutique\/"},{"@type":"ListItem","position":3,"name":"Moulinet Mouche B&#038;R"}]},{"@type":"WebSite","@id":"https:\/\/mylovelyrods.com\/#website","url":"https:\/\/mylovelyrods.com\/","name":"Mylovelyrods","description":"Facteur de canne, restaurations, customisations, rodbuilding, mouches, nymphes et petit mat\u00e9riel...","publisher":{"@id":"https:\/\/mylovelyrods.com\/#organization"},"potentialAction":[{"@type":"SearchAction","target":{"@type":"EntryPoint","urlTemplate":"https:\/\/mylovelyrods.com\/?s={search_term_string}"},"query-input":{"@type":"PropertyValueSpecification","valueRequired":true,"valueName":"search_term_string"}}],"inLanguage":"fr-FR"},{"@type":"Organization","@id":"https:\/\/mylovelyrods.com\/#organization","name":"Mylovelyrods","url":"https:\/\/mylovelyrods.com\/","logo":{"@type":"ImageObject","inLanguage":"fr-FR","@id":"https:\/\/mylovelyrods.com\/#\/schema\/logo\/image\/","url":"https:\/\/mylovelyrods.com\/wp-content\/uploads\/2021\/01\/0001-scaled-e1611186770281.jpg","contentUrl":"https:\/\/mylovelyrods.com\/wp-content\/uploads\/2021\/01\/0001-scaled-e1611186770281.jpg","width":2560,"height":716,"caption":"Mylovelyrods"},"image":{"@id":"https:\/\/mylovelyrods.com\/#\/schema\/logo\/image\/"},"sameAs":["https:\/\/m.facebook.com\/people\/Mylovelyrods\/100062956103344\/?locale=fr_FR","https:\/\/www.instagram.com\/mylovelyrods\/?hl=fr"]}]}},"jetpack_sharing_enabled":true,"_links":{"self":[{"href":"https:\/\/mylovelyrods.com\/index.php\/wp-json\/wp\/v2\/product\/5870","targetHints":{"allow":["GET"]}}],"collection":[{"href":"https:\/\/mylovelyrods.com\/index.php\/wp-json\/wp\/v2\/product"}],"about":[{"href":"https:\/\/mylovelyrods.com\/index.php\/wp-json\/wp\/v2\/types\/product"}],"wp:featuredmedia":[{"embeddable":true,"href":"https:\/\/mylovelyrods.com\/index.php\/wp-json\/wp\/v2\/media\/5868"}],"wp:attachment":[{"href":"https:\/\/mylovelyrods.com\/index.php\/wp-json\/wp\/v2\/media?parent=5870"}],"wp:term":[{"taxonomy":"product_brand","embeddable":true,"href":"https:\/\/mylovelyrods.com\/index.php\/wp-json\/wp\/v2\/product_brand?post=5870"},{"taxonomy":"product_cat","embeddable":true,"href":"https:\/\/mylovelyrods.com\/index.php\/wp-json\/wp\/v2\/product_cat?post=5870"},{"taxonomy":"product_tag","embeddable":true,"href":"https:\/\/mylovelyrods.com\/index.php\/wp-json\/wp\/v2\/product_tag?post=5870"}],"curies":[{"name":"wp","href":"https:\/\/api.w.org\/{rel}","templated":true}]}}