{"id":811,"date":"2021-04-27T23:18:15","date_gmt":"2021-04-27T21:18:15","guid":{"rendered":"https:\/\/mylovelyrods.com\/?post_type=product&#038;p=811"},"modified":"2025-12-05T12:32:42","modified_gmt":"2025-12-05T11:32:42","slug":"boite-a-mouche-plate-100-mouches","status":"publish","type":"product","link":"https:\/\/mylovelyrods.com\/index.php\/produit\/boite-a-mouche-plate-100-mouches\/","title":{"rendered":"Bo\u00eete \u00e0 mouche plate 100 mouches"},"content":{"rendered":"<p>Bo\u00eete \u00e0 mouche plate pouvant contenir 100 mouches, nymphes.<\/p>\n<p>Boite \u00e0 mouche plate 12,7cm x 8,7cm x 1,6cm. Elle n&rsquo;est pas du tout encombrante dans les poches, c&rsquo;est pourquoi j&rsquo;ai s\u00e9lectionn\u00e9 cette boite.<\/p>\n<p>Certains p\u00eacheurs ont tr\u00e8s peu de mouches, elle conviendra tr\u00e8s bien! Elle rentre tr\u00e8s facilement dans les poches d&rsquo;un gilet ou d&rsquo;un chest pack ou m\u00eame dans la poche d&rsquo;un simple jean. Elle ne fait que 1,6 cm d&rsquo;\u00e9paisseur! Elle n&rsquo;est pas \u00e9tanche. J&rsquo;en ai beaucoup vendu pour les p\u00eacheurs au toc, qui n&rsquo;ont besoin que de quelques nymphes, ou des p\u00eacheurs d\u00e9butant \u00e0 la mouche.<\/p>\n<p>Je pense qu&rsquo;elle ne convient pas tr\u00e8s bien pour des mouches s\u00e8ches un peu fournies. Comme la boite est plate, le risque c&rsquo;est que le couvercle \u00e9crase les hackles des mouches et les d\u00e9forme. Je pr\u00e9conise donc plus cette bo\u00eete, plus pour des nymphes ou des noy\u00e9es.<\/p>\n<p>Il y a d&rsquo;autres bo\u00eetes avec une plus grande capacit\u00e9 sur mon site, mais du coup plus grosses juste <a href=\"https:\/\/mylovelyrods.com\/index.php\/categorie-produit\/non-classe\/boites-a-mouche\/\">ICI<\/a> avec une capacit\u00e9 de 210 mouches.<\/p>\n<p>Allez donc jeter un oeil sur mes <a href=\"https:\/\/mylovelyrods.com\/index.php\/categorie-produit\/non-classe\/nymphes\/\">nymphes<\/a> disponibles si vous le souhaitez.<\/p>\n<p>Vous pouvez \u00e9galement m&rsquo;\u00e9crire si vous souhaitez que je vous monte des mouches ou des nymphes en particulier <a href=\"https:\/\/mylovelyrods.com\/index.php\/demande-devis-contact-canne-a-peche-artisanale\/\">ICI<\/a>.<\/p>\n<p>N&rsquo;h\u00e9sitez pas \u00e0 me suivre sur les r\u00e9seaux sociaux <a href=\"https:\/\/www.facebook.com\/pages\/category\/Sports\/Mylovelyrods-101775187859974\/\">ici<\/a> et <a href=\"https:\/\/www.instagram.com\/mylovelyrods\/?hl=fr\">l\u00e0<\/a>.<\/p>\n","protected":false},"excerpt":{"rendered":"<p>Bo\u00eete \u00e0 mouche pouvant contenir 100 mouches, nymphes et s\u00e8ches. Boite plate 12,7cm x 8,7cm x 1,6cm. Elle n&rsquo;est pas du tout encombrante dans les poches, c&rsquo;est pourquoi j&rsquo;ai s\u00e9lectionn\u00e9 cette boite.<\/p>\n","protected":false},"featured_media":812,"template":"","meta":{"jetpack_post_was_ever_published":false,"_glsr_average":0,"_glsr_ranking":0,"_glsr_reviews":0},"product_brand":[],"product_cat":[49,47,46,21],"product_tag":[],"class_list":{"0":"post-811","1":"product","2":"type-product","3":"status-publish","4":"has-post-thumbnail","6":"product_cat-accessoires","7":"product_cat-accessoires-et-moulinets","8":"product_cat-boites-a-mouches","9":"product_cat-mouches-nymphes","11":"first","12":"instock","13":"shipping-taxable","14":"purchasable","15":"product-type-simple"},"yoast_head":"<!-- This site is optimized with the Yoast SEO plugin v27.4 - https:\/\/yoast.com\/product\/yoast-seo-wordpress\/ -->\n<title>Bo\u00eete \u00e0 mouche plate 100 mouches - P\u00eache \u00e0 la mouche - Mylovelyrods<\/title>\n<meta name=\"description\" content=\"Boite \u00e0 mouche transparente, recto, tr\u00e8s plate, pouvant contenir jusqu&#039;\u00e0 100 mouches et ou nymphes, facile \u00e0 ouvrir et simple d&#039;utilisation\" \/>\n<meta name=\"robots\" content=\"index, follow, max-snippet:-1, max-image-preview:large, max-video-preview:-1\" \/>\n<link rel=\"canonical\" href=\"https:\/\/mylovelyrods.com\/index.php\/produit\/boite-a-mouche-plate-100-mouches\/\" \/>\n<meta property=\"og:locale\" content=\"fr_FR\" \/>\n<meta property=\"og:type\" content=\"article\" \/>\n<meta property=\"og:title\" content=\"Bo\u00eete \u00e0 mouche plate 100 mouches - P\u00eache \u00e0 la mouche - Mylovelyrods\" \/>\n<meta property=\"og:description\" content=\"Boite \u00e0 mouche transparente, recto, tr\u00e8s plate, pouvant contenir jusqu&#039;\u00e0 100 mouches et ou nymphes, facile \u00e0 ouvrir et simple d&#039;utilisation\" \/>\n<meta property=\"og:url\" content=\"https:\/\/mylovelyrods.com\/index.php\/produit\/boite-a-mouche-plate-100-mouches\/\" \/>\n<meta property=\"og:site_name\" content=\"Mylovelyrods\" \/>\n<meta property=\"article:publisher\" content=\"https:\/\/m.facebook.com\/people\/Mylovelyrods\/100062956103344\/?locale=fr_FR\" \/>\n<meta property=\"article:modified_time\" content=\"2025-12-05T11:32:42+00:00\" \/>\n<meta property=\"og:image\" content=\"https:\/\/mylovelyrods.com\/wp-content\/uploads\/2021\/04\/20210408_151036.jpg\" \/>\n\t<meta property=\"og:image:width\" content=\"1908\" \/>\n\t<meta property=\"og:image:height\" content=\"2544\" \/>\n\t<meta property=\"og:image:type\" content=\"image\/jpeg\" \/>\n<meta name=\"twitter:card\" content=\"summary_large_image\" \/>\n<meta name=\"twitter:label1\" content=\"Dur\u00e9e de lecture estim\u00e9e\" \/>\n\t<meta name=\"twitter:data1\" content=\"1 minute\" \/>\n<script type=\"application\/ld+json\" class=\"yoast-schema-graph\">{\"@context\":\"https:\\\/\\\/schema.org\",\"@graph\":[{\"@type\":\"WebPage\",\"@id\":\"https:\\\/\\\/mylovelyrods.com\\\/index.php\\\/produit\\\/boite-a-mouche-plate-100-mouches\\\/\",\"url\":\"https:\\\/\\\/mylovelyrods.com\\\/index.php\\\/produit\\\/boite-a-mouche-plate-100-mouches\\\/\",\"name\":\"Bo\u00eete \u00e0 mouche plate 100 mouches - P\u00eache \u00e0 la mouche - Mylovelyrods\",\"isPartOf\":{\"@id\":\"https:\\\/\\\/mylovelyrods.com\\\/#website\"},\"primaryImageOfPage\":{\"@id\":\"https:\\\/\\\/mylovelyrods.com\\\/index.php\\\/produit\\\/boite-a-mouche-plate-100-mouches\\\/#primaryimage\"},\"image\":{\"@id\":\"https:\\\/\\\/mylovelyrods.com\\\/index.php\\\/produit\\\/boite-a-mouche-plate-100-mouches\\\/#primaryimage\"},\"thumbnailUrl\":\"https:\\\/\\\/i0.wp.com\\\/mylovelyrods.com\\\/wp-content\\\/uploads\\\/2021\\\/04\\\/20210408_151036.jpg?fit=1908%2C2544&ssl=1\",\"datePublished\":\"2021-04-27T21:18:15+00:00\",\"dateModified\":\"2025-12-05T11:32:42+00:00\",\"description\":\"Boite \u00e0 mouche transparente, recto, tr\u00e8s plate, pouvant contenir jusqu'\u00e0 100 mouches et ou nymphes, facile \u00e0 ouvrir et simple d'utilisation\",\"breadcrumb\":{\"@id\":\"https:\\\/\\\/mylovelyrods.com\\\/index.php\\\/produit\\\/boite-a-mouche-plate-100-mouches\\\/#breadcrumb\"},\"inLanguage\":\"fr-FR\",\"potentialAction\":[{\"@type\":\"ReadAction\",\"target\":[\"https:\\\/\\\/mylovelyrods.com\\\/index.php\\\/produit\\\/boite-a-mouche-plate-100-mouches\\\/\"]}]},{\"@type\":\"ImageObject\",\"inLanguage\":\"fr-FR\",\"@id\":\"https:\\\/\\\/mylovelyrods.com\\\/index.php\\\/produit\\\/boite-a-mouche-plate-100-mouches\\\/#primaryimage\",\"url\":\"https:\\\/\\\/i0.wp.com\\\/mylovelyrods.com\\\/wp-content\\\/uploads\\\/2021\\\/04\\\/20210408_151036.jpg?fit=1908%2C2544&ssl=1\",\"contentUrl\":\"https:\\\/\\\/i0.wp.com\\\/mylovelyrods.com\\\/wp-content\\\/uploads\\\/2021\\\/04\\\/20210408_151036.jpg?fit=1908%2C2544&ssl=1\",\"width\":1908,\"height\":2544},{\"@type\":\"BreadcrumbList\",\"@id\":\"https:\\\/\\\/mylovelyrods.com\\\/index.php\\\/produit\\\/boite-a-mouche-plate-100-mouches\\\/#breadcrumb\",\"itemListElement\":[{\"@type\":\"ListItem\",\"position\":1,\"name\":\"Accueil\",\"item\":\"https:\\\/\\\/mylovelyrods.com\\\/\"},{\"@type\":\"ListItem\",\"position\":2,\"name\":\"Produits\",\"item\":\"https:\\\/\\\/mylovelyrods.com\\\/index.php\\\/boutique\\\/\"},{\"@type\":\"ListItem\",\"position\":3,\"name\":\"Bo\u00eete \u00e0 mouche plate 100 mouches\"}]},{\"@type\":\"WebSite\",\"@id\":\"https:\\\/\\\/mylovelyrods.com\\\/#website\",\"url\":\"https:\\\/\\\/mylovelyrods.com\\\/\",\"name\":\"Mylovelyrods\",\"description\":\"Facteur de canne, restaurations, customisations, rodbuilding, mouches, nymphes et petit mat\u00e9riel...\",\"publisher\":{\"@id\":\"https:\\\/\\\/mylovelyrods.com\\\/#organization\"},\"potentialAction\":[{\"@type\":\"SearchAction\",\"target\":{\"@type\":\"EntryPoint\",\"urlTemplate\":\"https:\\\/\\\/mylovelyrods.com\\\/?s={search_term_string}\"},\"query-input\":{\"@type\":\"PropertyValueSpecification\",\"valueRequired\":true,\"valueName\":\"search_term_string\"}}],\"inLanguage\":\"fr-FR\"},{\"@type\":\"Organization\",\"@id\":\"https:\\\/\\\/mylovelyrods.com\\\/#organization\",\"name\":\"Mylovelyrods\",\"url\":\"https:\\\/\\\/mylovelyrods.com\\\/\",\"logo\":{\"@type\":\"ImageObject\",\"inLanguage\":\"fr-FR\",\"@id\":\"https:\\\/\\\/mylovelyrods.com\\\/#\\\/schema\\\/logo\\\/image\\\/\",\"url\":\"https:\\\/\\\/mylovelyrods.com\\\/wp-content\\\/uploads\\\/2021\\\/01\\\/0001-scaled-e1611186770281.jpg\",\"contentUrl\":\"https:\\\/\\\/mylovelyrods.com\\\/wp-content\\\/uploads\\\/2021\\\/01\\\/0001-scaled-e1611186770281.jpg\",\"width\":2560,\"height\":716,\"caption\":\"Mylovelyrods\"},\"image\":{\"@id\":\"https:\\\/\\\/mylovelyrods.com\\\/#\\\/schema\\\/logo\\\/image\\\/\"},\"sameAs\":[\"https:\\\/\\\/m.facebook.com\\\/people\\\/Mylovelyrods\\\/100062956103344\\\/?locale=fr_FR\",\"https:\\\/\\\/www.instagram.com\\\/mylovelyrods\\\/?hl=fr\"]}]}<\/script>\n<!-- \/ Yoast SEO plugin. -->","yoast_head_json":{"title":"Bo\u00eete \u00e0 mouche plate 100 mouches - P\u00eache \u00e0 la mouche - Mylovelyrods","description":"Boite \u00e0 mouche transparente, recto, tr\u00e8s plate, pouvant contenir jusqu'\u00e0 100 mouches et ou nymphes, facile \u00e0 ouvrir et simple d'utilisation","robots":{"index":"index","follow":"follow","max-snippet":"max-snippet:-1","max-image-preview":"max-image-preview:large","max-video-preview":"max-video-preview:-1"},"canonical":"https:\/\/mylovelyrods.com\/index.php\/produit\/boite-a-mouche-plate-100-mouches\/","og_locale":"fr_FR","og_type":"article","og_title":"Bo\u00eete \u00e0 mouche plate 100 mouches - P\u00eache \u00e0 la mouche - Mylovelyrods","og_description":"Boite \u00e0 mouche transparente, recto, tr\u00e8s plate, pouvant contenir jusqu'\u00e0 100 mouches et ou nymphes, facile \u00e0 ouvrir et simple d'utilisation","og_url":"https:\/\/mylovelyrods.com\/index.php\/produit\/boite-a-mouche-plate-100-mouches\/","og_site_name":"Mylovelyrods","article_publisher":"https:\/\/m.facebook.com\/people\/Mylovelyrods\/100062956103344\/?locale=fr_FR","article_modified_time":"2025-12-05T11:32:42+00:00","og_image":[{"width":1908,"height":2544,"url":"https:\/\/mylovelyrods.com\/wp-content\/uploads\/2021\/04\/20210408_151036.jpg","type":"image\/jpeg"}],"twitter_card":"summary_large_image","twitter_misc":{"Dur\u00e9e de lecture estim\u00e9e":"1 minute"},"schema":{"@context":"https:\/\/schema.org","@graph":[{"@type":"WebPage","@id":"https:\/\/mylovelyrods.com\/index.php\/produit\/boite-a-mouche-plate-100-mouches\/","url":"https:\/\/mylovelyrods.com\/index.php\/produit\/boite-a-mouche-plate-100-mouches\/","name":"Bo\u00eete \u00e0 mouche plate 100 mouches - P\u00eache \u00e0 la mouche - Mylovelyrods","isPartOf":{"@id":"https:\/\/mylovelyrods.com\/#website"},"primaryImageOfPage":{"@id":"https:\/\/mylovelyrods.com\/index.php\/produit\/boite-a-mouche-plate-100-mouches\/#primaryimage"},"image":{"@id":"https:\/\/mylovelyrods.com\/index.php\/produit\/boite-a-mouche-plate-100-mouches\/#primaryimage"},"thumbnailUrl":"https:\/\/i0.wp.com\/mylovelyrods.com\/wp-content\/uploads\/2021\/04\/20210408_151036.jpg?fit=1908%2C2544&ssl=1","datePublished":"2021-04-27T21:18:15+00:00","dateModified":"2025-12-05T11:32:42+00:00","description":"Boite \u00e0 mouche transparente, recto, tr\u00e8s plate, pouvant contenir jusqu'\u00e0 100 mouches et ou nymphes, facile \u00e0 ouvrir et simple d'utilisation","breadcrumb":{"@id":"https:\/\/mylovelyrods.com\/index.php\/produit\/boite-a-mouche-plate-100-mouches\/#breadcrumb"},"inLanguage":"fr-FR","potentialAction":[{"@type":"ReadAction","target":["https:\/\/mylovelyrods.com\/index.php\/produit\/boite-a-mouche-plate-100-mouches\/"]}]},{"@type":"ImageObject","inLanguage":"fr-FR","@id":"https:\/\/mylovelyrods.com\/index.php\/produit\/boite-a-mouche-plate-100-mouches\/#primaryimage","url":"https:\/\/i0.wp.com\/mylovelyrods.com\/wp-content\/uploads\/2021\/04\/20210408_151036.jpg?fit=1908%2C2544&ssl=1","contentUrl":"https:\/\/i0.wp.com\/mylovelyrods.com\/wp-content\/uploads\/2021\/04\/20210408_151036.jpg?fit=1908%2C2544&ssl=1","width":1908,"height":2544},{"@type":"BreadcrumbList","@id":"https:\/\/mylovelyrods.com\/index.php\/produit\/boite-a-mouche-plate-100-mouches\/#breadcrumb","itemListElement":[{"@type":"ListItem","position":1,"name":"Accueil","item":"https:\/\/mylovelyrods.com\/"},{"@type":"ListItem","position":2,"name":"Produits","item":"https:\/\/mylovelyrods.com\/index.php\/boutique\/"},{"@type":"ListItem","position":3,"name":"Bo\u00eete \u00e0 mouche plate 100 mouches"}]},{"@type":"WebSite","@id":"https:\/\/mylovelyrods.com\/#website","url":"https:\/\/mylovelyrods.com\/","name":"Mylovelyrods","description":"Facteur de canne, restaurations, customisations, rodbuilding, mouches, nymphes et petit mat\u00e9riel...","publisher":{"@id":"https:\/\/mylovelyrods.com\/#organization"},"potentialAction":[{"@type":"SearchAction","target":{"@type":"EntryPoint","urlTemplate":"https:\/\/mylovelyrods.com\/?s={search_term_string}"},"query-input":{"@type":"PropertyValueSpecification","valueRequired":true,"valueName":"search_term_string"}}],"inLanguage":"fr-FR"},{"@type":"Organization","@id":"https:\/\/mylovelyrods.com\/#organization","name":"Mylovelyrods","url":"https:\/\/mylovelyrods.com\/","logo":{"@type":"ImageObject","inLanguage":"fr-FR","@id":"https:\/\/mylovelyrods.com\/#\/schema\/logo\/image\/","url":"https:\/\/mylovelyrods.com\/wp-content\/uploads\/2021\/01\/0001-scaled-e1611186770281.jpg","contentUrl":"https:\/\/mylovelyrods.com\/wp-content\/uploads\/2021\/01\/0001-scaled-e1611186770281.jpg","width":2560,"height":716,"caption":"Mylovelyrods"},"image":{"@id":"https:\/\/mylovelyrods.com\/#\/schema\/logo\/image\/"},"sameAs":["https:\/\/m.facebook.com\/people\/Mylovelyrods\/100062956103344\/?locale=fr_FR","https:\/\/www.instagram.com\/mylovelyrods\/?hl=fr"]}]}},"jetpack_sharing_enabled":true,"_links":{"self":[{"href":"https:\/\/mylovelyrods.com\/index.php\/wp-json\/wp\/v2\/product\/811","targetHints":{"allow":["GET"]}}],"collection":[{"href":"https:\/\/mylovelyrods.com\/index.php\/wp-json\/wp\/v2\/product"}],"about":[{"href":"https:\/\/mylovelyrods.com\/index.php\/wp-json\/wp\/v2\/types\/product"}],"wp:featuredmedia":[{"embeddable":true,"href":"https:\/\/mylovelyrods.com\/index.php\/wp-json\/wp\/v2\/media\/812"}],"wp:attachment":[{"href":"https:\/\/mylovelyrods.com\/index.php\/wp-json\/wp\/v2\/media?parent=811"}],"wp:term":[{"taxonomy":"product_brand","embeddable":true,"href":"https:\/\/mylovelyrods.com\/index.php\/wp-json\/wp\/v2\/product_brand?post=811"},{"taxonomy":"product_cat","embeddable":true,"href":"https:\/\/mylovelyrods.com\/index.php\/wp-json\/wp\/v2\/product_cat?post=811"},{"taxonomy":"product_tag","embeddable":true,"href":"https:\/\/mylovelyrods.com\/index.php\/wp-json\/wp\/v2\/product_tag?post=811"}],"curies":[{"name":"wp","href":"https:\/\/api.w.org\/{rel}","templated":true}]}}